{"id":821,"date":"2016-12-12T18:46:40","date_gmt":"2016-12-12T17:46:40","guid":{"rendered":"http:\/\/www.radlobby.org\/noe\/?page_id=821"},"modified":"2026-02-03T19:25:49","modified_gmt":"2026-02-03T18:25:49","slug":"linksammlung-zum-radfahren-im-bezirk-moedling","status":"publish","type":"page","link":"https:\/\/www.radlobby.org\/noe\/linksammlung-zum-radfahren-im-bezirk-moedling\/","title":{"rendered":"Linksammlung zum Radfahren im Bezirk M\u00f6dling"},"content":{"rendered":"<p><a href=\"http:\/\/www.radlkarte.at\/\"><strong>Radlkarte Wien &amp; Umland<\/strong><\/a> &#8211; mit Bezirk M\u00f6dling<br \/>\nViele Wege f\u00fchren zum Ziel. Aber nicht alle sind gleich entspannt. Mit der neu \u00fcberarbeiteten Radlkarte.at bietet die <a href=\"https:\/\/www.radlobby.at\/wien\">Radlobby Wien<\/a> eine kostenlose Online-Orientierungshilfe, mit der Sie Ihre Fahrten mit dem Fahrrad schneller und gem\u00fctlicher gestalten k\u00f6nnen. Sie ist jederzeit im Browser bereit, ob am Smartphone, Tablet, oder PC. Wichtige Radrouten im Bezirk M\u00f6dling wurden in die Radlkarte aufgenommen. (Die Radlkarte gibt es jetzt auch f\u00fcr <a href=\"https:\/\/www.radlkarte.at\/#klagenfurt\">Klagenfurt<\/a>, <a href=\"https:\/\/www.radlkarte.at\/#linz\">Linz<\/a>, <a href=\"https:\/\/www.radlkarte.at\/#steyr\">Steyr<\/a> und das <a href=\"https:\/\/www.radlkarte.at\/#rheintal\">Rheintal<\/a>.)<\/p>\n<p><a href=\"https:\/\/www.moedling.at\/Stadt\/Service\/Mobilitaet\"><strong>Mobilit\u00e4t in M\u00f6dling<\/strong><\/a><br \/>\nWebsite der Stadtgemeinde M\u00f6dling<\/p>\n<p><a href=\"https:\/\/moedling.riskommunal.net\/system\/web\/GetDocument.ashx?fileid=1451285\"><strong>Radkonzept M\u00f6dling 2017<\/strong><\/a><br \/>\nPDF-Datei (6,4 MB, 47 Seiten)<\/p>\n<p><a href=\"https:\/\/www.moedling.at\/Radbericht_2019_Alles_rund_ums_Radeln_in_Moedling\"><strong>Radbericht: Radeln in M\u00f6dling 2019<\/strong><\/a><br \/>\n(Fr\u00fchere Radberichte des Verkehrsreferats der Stadtgemeinde M\u00f6dling seit 2013 finden sich <a href=\"https:\/\/www.moedling.at\/system\/web\/suche.aspx?search=Radbericht&amp;menuonr=221031569&amp;detailonr=224702373&amp;sprache=1&amp;mqs=1&amp;cmd=\">HIER<\/a>.)<\/p>\n<p><strong><a class=\"ext\" href=\"http:\/\/perchtoldsdorfmobil.wordpress.com\/2012\/04\/07\/das-geh-und-radfahrprogramm-fur-perchtoldsdorf-2012-2017\/\" target=\"_blank\" rel=\"noopener noreferrer\">Das Geh- und Radfahrprogramm f\u00fcr Perchtoldsdorf 2012-2017<\/a>\u00a0<\/strong><br \/>\nMobilit\u00e4ts-Blog der Marktgemeinde Perchtoldsdorf<\/p>\n<p><a href=\"https:\/\/perchtoldsdorfmobil.wordpress.com\/2022\/02\/03\/mobil-2030-das-gesamtmobilitatskonzept-fur-perchtoldsdorf\/\"><strong>mobil 2030 &#8211; Gesamtmobilit\u00e4tskonzept f\u00fcr Perchtoldsdorf<\/strong><\/a><br \/>\nBeschluss des Perchtoldsdorfer Gemeinderats vom 1. 12. 2020<\/p>\n<p><strong><a href=\"https:\/\/www.radlobby.at\/liesing\">Radlobby Wien-Liesing<\/a><\/strong><br \/>\nmit <a href=\"https:\/\/www.radlobby.at\/liesing\/mit-dem-rad-von-wien-nach-moedling-und-umgekehrt\">Artikel zum geplanten Fahrrad-Highway M\u00f6dling-Liesing<\/a><\/p>\n<h6><\/h6>\n<h2>Fahrradverkauf und -service:<\/h2>\n<table border=\"0\" width=\"531\" cellspacing=\"0\" cellpadding=\"0\">\n<tbody>\n<tr>\n<td><strong><a class=\"ext\" href=\"https:\/\/www.bikefloh.at\" target=\"_blank\" rel=\"noopener noreferrer\">Bikefloh<\/a><\/strong><br \/>\nFahrradservice und -reparatur, Wiener Neudorf<br \/>\n<em>Radlobby-Vorteilspartner: Radlobby-Mitglieder erhalten 10% Rabatt auf ein Komplett-Service, wie auch auf ein Premium-Service!<\/em><\/td>\n<td><a href=\"http:\/\/www.radlobby.org\/noe\/wp-content\/uploads\/Bikefloh.pdf\"><img loading=\"lazy\" decoding=\"async\" class=\"alignnone size-full wp-image-6070\" src=\"http:\/\/www.radlobby.org\/noe\/wp-content\/uploads\/Bikefloh.jpg\" alt=\"\" width=\"122\" height=\"100\" \/><\/a><\/td>\n<\/tr>\n<\/tbody>\n<\/table>\n<p><strong><a class=\"ext\" href=\"http:\/\/www.2rad-chladek.at\/\" target=\"_blank\" rel=\"noopener noreferrer\">2rad Chladek<\/a><\/strong><br \/>\nFahrradverkauf, -service und -reparatur, M\u00f6dling<\/p>\n<p><a href=\"http:\/\/www.360rad.at\/\" target=\"_blank\" rel=\"noopener\"><strong>360 Rad <\/strong><\/a><br \/>\nFahrradservice und -reparatur, M\u00f6dling<\/p>\n<p><strong><a href=\"https:\/\/www.bentho.at\/\">Bentho eBikes\u00a0<\/a><br \/>\n<\/strong>Verkauf und Reparaur von E-Bikes, Brunn am Gebirge<\/p>\n<p><strong><a href=\"https:\/\/www.bikeschneiderei.at\/\">Bikeschneiderei<\/a><\/strong><br \/>\nFahrradservice und -reparatur, Maria Enzersdorf<\/p>\n<p><a href=\"https:\/\/www.bonanzarad.at\/\"><strong>Bonanzarad<\/strong><\/a><br \/>\nFahrradservice, -reparatur und -umr\u00fcstung, M\u00f6dling<\/p>\n<p><a href=\"https:\/\/www.zebra-bikes.com\/\" target=\"_blank\" rel=\"noopener\"><strong>Die Fahrradwerkstatt mit Hatschek &#8211; DI Georg Ka\u0161ik e.U.<\/strong><\/a><br \/>\nMobile Fahrradwerkstatt, Service, Reparatur, Fahrradmechatroniker, Perchtoldsdorf<\/p>\n<p><strong><a class=\"ext\" href=\"http:\/\/www.jiricek.at\/\" target=\"_blank\" rel=\"noopener noreferrer\">EP: Ludwig Jirecek<\/a><\/strong><br \/>\nFahrradverkauf und -service, Guntramsdorf<\/p>\n<p><strong><a class=\"ext\" href=\"http:\/\/www.stanitz.at\/\" target=\"_blank\" rel=\"noopener noreferrer\">Josef Stanitz<\/a><\/strong><br \/>\nFahrradverkauf und -service, Laxenburg<\/p>\n<p><strong><a class=\"ext\" href=\"http:\/\/www.wienerwaldbiker.at\/\" target=\"_blank\" rel=\"noopener noreferrer\">Wienerwaldbiker.at<\/a><\/strong><br \/>\nFahrradverkauf und -service, M\u00f6dling<\/p>\n<p><a href=\"https:\/\/www.handwerkstadt.org\/\" target=\"_blank\" rel=\"noopener\"><strong>HandWerkStadt<\/strong><\/a><br \/>\nWerkst\u00e4tte und Anleitung zur Selbstreparatur von Fahrr\u00e4dern, M\u00f6dling<\/p>\n<h6><\/h6>\n<h2>Fahrradverleih:<\/h2>\n<p><strong><a class=\"ext\" href=\"https:\/\/www.nextbike.at\/de\/niederoesterreich\/\" target=\"_blank\" rel=\"noopener noreferrer\">nextbike<\/a><\/strong><br \/>\nzahlreiche Verleihstationen im Bezirk<\/p>\n<p><a href=\"https:\/\/www.moedling.at\/Leben\/Klimaschutz\/E-Lastenrad_MoeTraBi\"><strong>M\u00f6TraBi &#8211; Das M\u00f6dlinger E-Lastenrad<\/strong><\/a><br \/>\nGratis-Verleih \u00fcber <a href=\"https:\/\/www.radverteiler.at\/bike\/1925\">Radverteiler<\/a><\/p>\n<p><strong><a class=\"ext\" href=\"http:\/\/www.herold.at\/gelbe-seiten\/gumpoldskirchen\/3z6M1\/radverleih-gumpoldskirchen-billensteiner-eduard-kg\/\" target=\"_blank\" rel=\"noopener noreferrer\">Billensteiner<\/a><\/strong><br \/>\nVerleih in Gumpoldskirchen<\/p>\n<p><a href=\"https:\/\/www.bentho.at\/\"><strong>Bentho eBikes\u00a0<\/strong><\/a><br \/>\nVerleih von E-Bikes und Lastenfahrr\u00e4dern, Brunn am Gebirge<\/p>\n","protected":false},"excerpt":{"rendered":"<p>Radlkarte Wien &amp; Umland &#8211; mit Bezirk M\u00f6dling Viele Wege f\u00fchren zum Ziel. Aber nicht alle sind gleich entspannt. Mit der neu \u00fcberarbeiteten Radlkarte.at bietet die Radlobby Wien eine kostenlose Online-Orientierungshilfe, mit der Sie Ihre Fahrten mit dem Fahrrad schneller<\/p>\n","protected":false},"author":1,"featured_media":0,"parent":0,"menu_order":0,"comment_status":"closed","ping_status":"closed","template":"","meta":{"footnotes":""},"class_list":["post-821","page","type-page","status-publish","hentry"],"yoast_head":"<!-- This site is optimized with the Yoast SEO plugin v26.9 - https:\/\/yoast.com\/product\/yoast-seo-wordpress\/ -->\n<title>Linksammlung zum Radfahren im Bezirk M\u00f6dling - Radlobby Nieder\u00f6sterreich<\/title>\n<meta name=\"robots\" content=\"index, follow, max-snippet:-1, max-image-preview:large, max-video-preview:-1\" \/>\n<link rel=\"canonical\" href=\"https:\/\/www.radlobby.org\/noe\/linksammlung-zum-radfahren-im-bezirk-moedling\/\" \/>\n<meta property=\"og:locale\" content=\"de_DE\" \/>\n<meta property=\"og:type\" content=\"article\" \/>\n<meta property=\"og:title\" content=\"Linksammlung zum Radfahren im Bezirk M\u00f6dling - Radlobby Nieder\u00f6sterreich\" \/>\n<meta property=\"og:description\" content=\"Radlkarte Wien &amp; Umland &#8211; mit Bezirk M\u00f6dling Viele Wege f\u00fchren zum Ziel. Aber nicht alle sind gleich entspannt. Mit der neu \u00fcberarbeiteten Radlkarte.at bietet die Radlobby Wien eine kostenlose Online-Orientierungshilfe, mit der Sie Ihre Fahrten mit dem Fahrrad schneller\" \/>\n<meta property=\"og:url\" content=\"https:\/\/www.radlobby.org\/noe\/linksammlung-zum-radfahren-im-bezirk-moedling\/\" \/>\n<meta property=\"og:site_name\" content=\"Radlobby Nieder\u00f6sterreich\" \/>\n<meta property=\"article:publisher\" content=\"https:\/\/www.facebook.com\/groups\/radfahren.in.noe\/\" \/>\n<meta property=\"article:modified_time\" content=\"2026-02-03T18:25:49+00:00\" \/>\n<meta property=\"og:image\" content=\"https:\/\/www.radlobby.org\/noe\/wp-content\/uploads\/Bikefloh.jpg\" \/>\n\t<meta property=\"og:image:width\" content=\"122\" \/>\n\t<meta property=\"og:image:height\" content=\"100\" \/>\n\t<meta property=\"og:image:type\" content=\"image\/jpeg\" \/>\n<meta name=\"twitter:card\" content=\"summary_large_image\" \/>\n<meta name=\"twitter:label1\" content=\"Gesch\u00e4tzte Lesezeit\" \/>\n\t<meta name=\"twitter:data1\" content=\"2\u00a0Minuten\" \/>\n<script type=\"application\/ld+json\" class=\"yoast-schema-graph\">{\"@context\":\"https:\/\/schema.org\",\"@graph\":[{\"@type\":\"WebPage\",\"@id\":\"https:\/\/www.radlobby.org\/noe\/linksammlung-zum-radfahren-im-bezirk-moedling\/\",\"url\":\"https:\/\/www.radlobby.org\/noe\/linksammlung-zum-radfahren-im-bezirk-moedling\/\",\"name\":\"Linksammlung zum Radfahren im Bezirk M\u00f6dling - Radlobby Nieder\u00f6sterreich\",\"isPartOf\":{\"@id\":\"https:\/\/www.radlobby.org\/noe\/#website\"},\"primaryImageOfPage\":{\"@id\":\"https:\/\/www.radlobby.org\/noe\/linksammlung-zum-radfahren-im-bezirk-moedling\/#primaryimage\"},\"image\":{\"@id\":\"https:\/\/www.radlobby.org\/noe\/linksammlung-zum-radfahren-im-bezirk-moedling\/#primaryimage\"},\"thumbnailUrl\":\"http:\/\/www.radlobby.org\/noe\/wp-content\/uploads\/Bikefloh.jpg\",\"datePublished\":\"2016-12-12T17:46:40+00:00\",\"dateModified\":\"2026-02-03T18:25:49+00:00\",\"breadcrumb\":{\"@id\":\"https:\/\/www.radlobby.org\/noe\/linksammlung-zum-radfahren-im-bezirk-moedling\/#breadcrumb\"},\"inLanguage\":\"de\",\"potentialAction\":[{\"@type\":\"ReadAction\",\"target\":[\"https:\/\/www.radlobby.org\/noe\/linksammlung-zum-radfahren-im-bezirk-moedling\/\"]}]},{\"@type\":\"ImageObject\",\"inLanguage\":\"de\",\"@id\":\"https:\/\/www.radlobby.org\/noe\/linksammlung-zum-radfahren-im-bezirk-moedling\/#primaryimage\",\"url\":\"https:\/\/www.radlobby.org\/noe\/wp-content\/uploads\/Bikefloh.jpg\",\"contentUrl\":\"https:\/\/www.radlobby.org\/noe\/wp-content\/uploads\/Bikefloh.jpg\",\"width\":122,\"height\":100},{\"@type\":\"BreadcrumbList\",\"@id\":\"https:\/\/www.radlobby.org\/noe\/linksammlung-zum-radfahren-im-bezirk-moedling\/#breadcrumb\",\"itemListElement\":[{\"@type\":\"ListItem\",\"position\":1,\"name\":\"Startseite\",\"item\":\"https:\/\/www.radlobby.org\/noe\/\"},{\"@type\":\"ListItem\",\"position\":2,\"name\":\"Linksammlung zum Radfahren im Bezirk M\u00f6dling\"}]},{\"@type\":\"WebSite\",\"@id\":\"https:\/\/www.radlobby.org\/noe\/#website\",\"url\":\"https:\/\/www.radlobby.org\/noe\/\",\"name\":\"Radlobby Nieder\u00f6sterreich\",\"description\":\"Radverkehr, Fahrrad, Radfahren, Radreisen, Radtouren, Radweg\",\"publisher\":{\"@id\":\"https:\/\/www.radlobby.org\/noe\/#organization\"},\"potentialAction\":[{\"@type\":\"SearchAction\",\"target\":{\"@type\":\"EntryPoint\",\"urlTemplate\":\"https:\/\/www.radlobby.org\/noe\/?s={search_term_string}\"},\"query-input\":{\"@type\":\"PropertyValueSpecification\",\"valueRequired\":true,\"valueName\":\"search_term_string\"}}],\"inLanguage\":\"de\"},{\"@type\":\"Organization\",\"@id\":\"https:\/\/www.radlobby.org\/noe\/#organization\",\"name\":\"Radlobby Nieder\u00f6sterreich\",\"url\":\"https:\/\/www.radlobby.org\/noe\/\",\"logo\":{\"@type\":\"ImageObject\",\"inLanguage\":\"de\",\"@id\":\"https:\/\/www.radlobby.org\/noe\/#\/schema\/logo\/image\/\",\"url\":\"https:\/\/www.radlobby.org\/noe\/wp-content\/uploads\/2017\/01\/cropped-Logo_Radlobby_Niederoesterreich_50-400px_quer-1.jpg\",\"contentUrl\":\"https:\/\/www.radlobby.org\/noe\/wp-content\/uploads\/2017\/01\/cropped-Logo_Radlobby_Niederoesterreich_50-400px_quer-1.jpg\",\"width\":450,\"height\":124,\"caption\":\"Radlobby Nieder\u00f6sterreich\"},\"image\":{\"@id\":\"https:\/\/www.radlobby.org\/noe\/#\/schema\/logo\/image\/\"},\"sameAs\":[\"https:\/\/www.facebook.com\/groups\/radfahren.in.noe\/\"]}]}<\/script>\n<!-- \/ Yoast SEO plugin. -->","yoast_head_json":{"title":"Linksammlung zum Radfahren im Bezirk M\u00f6dling - Radlobby Nieder\u00f6sterreich","robots":{"index":"index","follow":"follow","max-snippet":"max-snippet:-1","max-image-preview":"max-image-preview:large","max-video-preview":"max-video-preview:-1"},"canonical":"https:\/\/www.radlobby.org\/noe\/linksammlung-zum-radfahren-im-bezirk-moedling\/","og_locale":"de_DE","og_type":"article","og_title":"Linksammlung zum Radfahren im Bezirk M\u00f6dling - Radlobby Nieder\u00f6sterreich","og_description":"Radlkarte Wien &amp; Umland &#8211; mit Bezirk M\u00f6dling Viele Wege f\u00fchren zum Ziel. Aber nicht alle sind gleich entspannt. Mit der neu \u00fcberarbeiteten Radlkarte.at bietet die Radlobby Wien eine kostenlose Online-Orientierungshilfe, mit der Sie Ihre Fahrten mit dem Fahrrad schneller","og_url":"https:\/\/www.radlobby.org\/noe\/linksammlung-zum-radfahren-im-bezirk-moedling\/","og_site_name":"Radlobby Nieder\u00f6sterreich","article_publisher":"https:\/\/www.facebook.com\/groups\/radfahren.in.noe\/","article_modified_time":"2026-02-03T18:25:49+00:00","og_image":[{"width":122,"height":100,"url":"https:\/\/www.radlobby.org\/noe\/wp-content\/uploads\/Bikefloh.jpg","type":"image\/jpeg"}],"twitter_card":"summary_large_image","twitter_misc":{"Gesch\u00e4tzte Lesezeit":"2\u00a0Minuten"},"schema":{"@context":"https:\/\/schema.org","@graph":[{"@type":"WebPage","@id":"https:\/\/www.radlobby.org\/noe\/linksammlung-zum-radfahren-im-bezirk-moedling\/","url":"https:\/\/www.radlobby.org\/noe\/linksammlung-zum-radfahren-im-bezirk-moedling\/","name":"Linksammlung zum Radfahren im Bezirk M\u00f6dling - Radlobby Nieder\u00f6sterreich","isPartOf":{"@id":"https:\/\/www.radlobby.org\/noe\/#website"},"primaryImageOfPage":{"@id":"https:\/\/www.radlobby.org\/noe\/linksammlung-zum-radfahren-im-bezirk-moedling\/#primaryimage"},"image":{"@id":"https:\/\/www.radlobby.org\/noe\/linksammlung-zum-radfahren-im-bezirk-moedling\/#primaryimage"},"thumbnailUrl":"http:\/\/www.radlobby.org\/noe\/wp-content\/uploads\/Bikefloh.jpg","datePublished":"2016-12-12T17:46:40+00:00","dateModified":"2026-02-03T18:25:49+00:00","breadcrumb":{"@id":"https:\/\/www.radlobby.org\/noe\/linksammlung-zum-radfahren-im-bezirk-moedling\/#breadcrumb"},"inLanguage":"de","potentialAction":[{"@type":"ReadAction","target":["https:\/\/www.radlobby.org\/noe\/linksammlung-zum-radfahren-im-bezirk-moedling\/"]}]},{"@type":"ImageObject","inLanguage":"de","@id":"https:\/\/www.radlobby.org\/noe\/linksammlung-zum-radfahren-im-bezirk-moedling\/#primaryimage","url":"https:\/\/www.radlobby.org\/noe\/wp-content\/uploads\/Bikefloh.jpg","contentUrl":"https:\/\/www.radlobby.org\/noe\/wp-content\/uploads\/Bikefloh.jpg","width":122,"height":100},{"@type":"BreadcrumbList","@id":"https:\/\/www.radlobby.org\/noe\/linksammlung-zum-radfahren-im-bezirk-moedling\/#breadcrumb","itemListElement":[{"@type":"ListItem","position":1,"name":"Startseite","item":"https:\/\/www.radlobby.org\/noe\/"},{"@type":"ListItem","position":2,"name":"Linksammlung zum Radfahren im Bezirk M\u00f6dling"}]},{"@type":"WebSite","@id":"https:\/\/www.radlobby.org\/noe\/#website","url":"https:\/\/www.radlobby.org\/noe\/","name":"Radlobby Nieder\u00f6sterreich","description":"Radverkehr, Fahrrad, Radfahren, Radreisen, Radtouren, Radweg","publisher":{"@id":"https:\/\/www.radlobby.org\/noe\/#organization"},"potentialAction":[{"@type":"SearchAction","target":{"@type":"EntryPoint","urlTemplate":"https:\/\/www.radlobby.org\/noe\/?s={search_term_string}"},"query-input":{"@type":"PropertyValueSpecification","valueRequired":true,"valueName":"search_term_string"}}],"inLanguage":"de"},{"@type":"Organization","@id":"https:\/\/www.radlobby.org\/noe\/#organization","name":"Radlobby Nieder\u00f6sterreich","url":"https:\/\/www.radlobby.org\/noe\/","logo":{"@type":"ImageObject","inLanguage":"de","@id":"https:\/\/www.radlobby.org\/noe\/#\/schema\/logo\/image\/","url":"https:\/\/www.radlobby.org\/noe\/wp-content\/uploads\/2017\/01\/cropped-Logo_Radlobby_Niederoesterreich_50-400px_quer-1.jpg","contentUrl":"https:\/\/www.radlobby.org\/noe\/wp-content\/uploads\/2017\/01\/cropped-Logo_Radlobby_Niederoesterreich_50-400px_quer-1.jpg","width":450,"height":124,"caption":"Radlobby Nieder\u00f6sterreich"},"image":{"@id":"https:\/\/www.radlobby.org\/noe\/#\/schema\/logo\/image\/"},"sameAs":["https:\/\/www.facebook.com\/groups\/radfahren.in.noe\/"]}]}},"_links":{"self":[{"href":"https:\/\/www.radlobby.org\/noe\/wp-json\/wp\/v2\/pages\/821","targetHints":{"allow":["GET"]}}],"collection":[{"href":"https:\/\/www.radlobby.org\/noe\/wp-json\/wp\/v2\/pages"}],"about":[{"href":"https:\/\/www.radlobby.org\/noe\/wp-json\/wp\/v2\/types\/page"}],"author":[{"embeddable":true,"href":"https:\/\/www.radlobby.org\/noe\/wp-json\/wp\/v2\/users\/1"}],"replies":[{"embeddable":true,"href":"https:\/\/www.radlobby.org\/noe\/wp-json\/wp\/v2\/comments?post=821"}],"version-history":[{"count":7,"href":"https:\/\/www.radlobby.org\/noe\/wp-json\/wp\/v2\/pages\/821\/revisions"}],"predecessor-version":[{"id":41187,"href":"https:\/\/www.radlobby.org\/noe\/wp-json\/wp\/v2\/pages\/821\/revisions\/41187"}],"wp:attachment":[{"href":"https:\/\/www.radlobby.org\/noe\/wp-json\/wp\/v2\/media?parent=821"}],"curies":[{"name":"wp","href":"https:\/\/api.w.org\/{rel}","templated":true}]}}