{"id":32693,"date":"2023-11-29T10:27:08","date_gmt":"2023-11-29T09:27:08","guid":{"rendered":"https:\/\/www.radlobby.org\/noe\/?page_id=32693"},"modified":"2024-02-01T09:43:19","modified_gmt":"2024-02-01T08:43:19","slug":"kurse-webinare","status":"publish","type":"page","link":"https:\/\/www.radlobby.org\/noe\/kurse-webinare\/","title":{"rendered":"Kurse \u00b7 Webinare"},"content":{"rendered":"<h4 style=\"text-align: left;\"><a href=\"https:\/\/www.radlobby.org\/noe\/wp-content\/uploads\/Radlobby-Webinar-Logo.jpg\" data-src=\"https:\/\/www.radlobby.org\/noe\/wp-content\/uploads\/Radlobby-Webinar-Logo.jpg\" data-thumb=\"https:\/\/www.radlobby.org\/noe\/wp-content\/uploads\/Radlobby-Webinar-Logo-300x175.jpg\" class=\"ml-lightbox-enabled\"><img loading=\"lazy\" decoding=\"async\" class=\"alignright wp-image-31496\" src=\"https:\/\/www.radlobby.org\/noe\/wp-content\/uploads\/Radlobby-Webinar-Logo-300x175.jpg\" alt=\"\" width=\"187\" height=\"109\" srcset=\"https:\/\/www.radlobby.org\/noe\/wp-content\/uploads\/Radlobby-Webinar-Logo-300x175.jpg 300w, https:\/\/www.radlobby.org\/noe\/wp-content\/uploads\/Radlobby-Webinar-Logo.jpg 571w\" sizes=\"auto, (max-width: 187px) 100vw, 187px\" \/><\/a><\/h4>\n<h4 style=\"text-align: left;\">Webinare der Radlobby<br \/>\nund von befreundeten Organisationen<br \/>\n<img loading=\"lazy\" decoding=\"async\" class=\"alignnone size-full wp-image-6941\" src=\"https:\/\/www.radlobby.org\/noe\/wp-content\/uploads\/linie_gruen_c1c400.gif\" alt=\"\" width=\"750\" height=\"2\" \/><\/h4>\n<style>.wp-show-posts-columns#wpsp-32943 {margin-left: -2em; }.wp-show-posts-columns#wpsp-32943 .wp-show-posts-inner {margin: 0 0 2em 2em; }<\/style><section id=\"wpsp-32943\" class=\" wp-show-posts-columns wp-show-posts\" style=\"\"><article class=\" wp-show-posts-single post-41432 post type-post status-publish format-standard has-post-thumbnail hentry category-aktion category-allgemein category-radlobby-akademie-webinare-vortraege category-bruck-an-der-leitha category-carnuntum category-niederoesterreich wpsp-col-6\" itemtype=\"http:\/\/schema.org\/CreativeWork\" itemscope><div class=\"wp-show-posts-inner\" style=\"\">\t\t\t\t\t\t<header class=\"wp-show-posts-entry-header\">\n\t\t\t\t\t\t\t<p class=\"wp-show-posts-entry-title\" itemprop=\"headline\"><a href=\"https:\/\/www.radlobby.org\/noe\/talk-im-club-nachhaltige-mobilitaet-im-laendlichen-raum\/\" rel=\"bookmark\">Talk im Club: \u201eNachhaltige Mobilit\u00e4t im l\u00e4ndlichen Raum\u201c<\/a><\/p>\t\t\t\t\t\t<\/header><!-- .entry-header -->\n\t\t\t\t\t\t\t<div class=\"wp-show-posts-image  wpsp-image-left \">\n\t\t\t<a href=\"https:\/\/www.radlobby.org\/noe\/talk-im-club-nachhaltige-mobilitaet-im-laendlichen-raum\/\"  title=\"Talk im Club: \u201eNachhaltige Mobilit\u00e4t im l\u00e4ndlichen Raum\u201c\">\t\t\t\t\t<img decoding=\"async\" src=\"https:\/\/www.radlobby.org\/noe\/wp-content\/uploads\/Frey_C_Stephan_Huger-1-214x300-1-180x252.jpg\" alt=\"Talk im Club: \u201eNachhaltige Mobilit\u00e4t im l\u00e4ndlichen Raum\u201c\" itemprop=\"image\" class=\"left\" \/>\n\t\t\t\t<\/a>\t\t<\/div>\n\t\t\t\t\t\t\t\t<div class=\"wp-show-posts-entry-summary\" itemprop=\"text\">\n\t\t\t\t\t\t\t<p>18. M\u00e4rz 2026 18:00\u00a0&#8211;\u00a020:00 Uhr \u201eNachhaltige Mobilit\u00e4t im l\u00e4ndlichen Raum\u201c<br \/>\nDI Dr. Harald Frey, TU Wien<\/p>\n\t\t\t\t\t\t<\/div><!-- .entry-summary -->\n\t\t\t\t\t<\/div><!-- wp-show-posts-inner --><\/article><article class=\" wp-show-posts-single post-33723 post type-post status-publish format-standard has-post-thumbnail hentry category-radlobby-akademie-webinare-vortraege wpsp-col-6\" itemtype=\"http:\/\/schema.org\/CreativeWork\" itemscope><div class=\"wp-show-posts-inner\" style=\"\">\t\t\t\t\t\t<header class=\"wp-show-posts-entry-header\">\n\t\t\t\t\t\t\t<p class=\"wp-show-posts-entry-title\" itemprop=\"headline\"><a href=\"https:\/\/www.radlobby.org\/noe\/webinare-fuer-ngos-und-engagierte-menschen\/\" rel=\"bookmark\">Webinare f\u00fcr NGOs und engagierte Menschen<\/a><\/p>\t\t\t\t\t\t<\/header><!-- .entry-header -->\n\t\t\t\t\t\t\t<div class=\"wp-show-posts-image  wpsp-image-left \">\n\t\t\t<a href=\"https:\/\/www.radlobby.org\/noe\/webinare-fuer-ngos-und-engagierte-menschen\/\"  title=\"Webinare f\u00fcr NGOs und engagierte Menschen\">\t\t\t\t\t<img decoding=\"async\" src=\"https:\/\/www.radlobby.org\/noe\/wp-content\/uploads\/Haus-des-Stiftens-Logo-180x36.jpg\" alt=\"Webinare f\u00fcr NGOs und engagierte Menschen\" itemprop=\"image\" class=\"left\" \/>\n\t\t\t\t<\/a>\t\t<\/div>\n\t\t\t\t\t\t\t\t<div class=\"wp-show-posts-entry-summary\" itemprop=\"text\">\n\t\t\t\t\t\t\t<p>Unsere Webinare sind 60-minutige Vortr\u00e4ge, gehalten von Expertinnen und Experten aus der jeweiligen Branche. Sie sind kostenfrei und bieten einen ersten \u00dcberblick \u00fcber relevante Themen aus den Bereichen IT, Kommunikation, Fundraising und mehr.<\/p>\n\t\t\t\t\t\t<\/div><!-- .entry-summary -->\n\t\t\t\t\t<\/div><!-- wp-show-posts-inner --><\/article><article class=\" wp-show-posts-single post-32960 post type-post status-publish format-standard has-post-thumbnail hentry category-radlobby-akademie-webinare-vortraege wpsp-col-6\" itemtype=\"http:\/\/schema.org\/CreativeWork\" itemscope><div class=\"wp-show-posts-inner\" style=\"\">\t\t\t\t\t\t<header class=\"wp-show-posts-entry-header\">\n\t\t\t\t\t\t\t<p class=\"wp-show-posts-entry-title\" itemprop=\"headline\"><a href=\"https:\/\/www.radlobby.org\/noe\/radkompetenz-online-akademie\/\" rel=\"bookmark\">Radkompetenz Online-Akademie<\/a><\/p>\t\t\t\t\t\t<\/header><!-- .entry-header -->\n\t\t\t\t\t\t\t<div class=\"wp-show-posts-image  wpsp-image-left \">\n\t\t\t<a href=\"https:\/\/www.radlobby.org\/noe\/radkompetenz-online-akademie\/\"  title=\"Radkompetenz Online-Akademie\">\t\t\t\t\t<img decoding=\"async\" src=\"https:\/\/www.radlobby.org\/noe\/wp-content\/uploads\/Radkompetenz-So-geht-Radverkehr-180x115.jpg\" alt=\"Radkompetenz Online-Akademie\" itemprop=\"image\" class=\"left\" \/>\n\t\t\t\t<\/a>\t\t<\/div>\n\t\t\t\t\t\t\t\t<div class=\"wp-show-posts-entry-summary\" itemprop=\"text\">\n\t\t\t\t\t\t\t<p>Zahlreiche Radkompetenz-Webinare stehen nun in einem Archiv zur Verf\u00fcgung.<\/p>\n\t\t\t\t\t\t<\/div><!-- .entry-summary -->\n\t\t\t\t\t<\/div><!-- wp-show-posts-inner --><\/article><article class=\" wp-show-posts-single post-32971 post type-post status-publish format-standard has-post-thumbnail hentry category-radlobby-akademie-webinare-vortraege wpsp-col-6\" itemtype=\"http:\/\/schema.org\/CreativeWork\" itemscope><div class=\"wp-show-posts-inner\" style=\"\">\t\t\t\t\t\t<header class=\"wp-show-posts-entry-header\">\n\t\t\t\t\t\t\t<p class=\"wp-show-posts-entry-title\" itemprop=\"headline\"><a href=\"https:\/\/www.radlobby.org\/noe\/radlobby-webinar-radlobby-noe-homepage\/\" rel=\"bookmark\">Dienstag, 26. Februar 2024<br>Radlobby-Webinar | Radlobby N\u00d6 Homepage<\/a><\/p>\t\t\t\t\t\t<\/header><!-- .entry-header -->\n\t\t\t\t\t\t\t<div class=\"wp-show-posts-image  wpsp-image-left \">\n\t\t\t<a href=\"https:\/\/www.radlobby.org\/noe\/radlobby-webinar-radlobby-noe-homepage\/\"  title=\"Dienstag, 26. Februar 2024Radlobby-Webinar | Radlobby N\u00d6 Homepage\">\t\t\t\t\t<img decoding=\"async\" src=\"https:\/\/www.radlobby.org\/noe\/wp-content\/uploads\/RLNOE-HOMEPAGE-Screenshot-180x129.jpg\" alt=\"Dienstag, 26. Februar 2024<br>Radlobby-Webinar | Radlobby N\u00d6 Homepage\" itemprop=\"image\" class=\"left\" \/>\n\t\t\t\t<\/a>\t\t<\/div>\n\t\t\t\t\t\t\t\t<div class=\"wp-show-posts-entry-summary\" itemprop=\"text\">\n\t\t\t\t\t\t\t<p>Lerne, wie du als Radlobby-Verantwortliche.r einen personalisierten Newsletter gestaltest und versendest.<\/p>\n\t\t\t\t\t\t<\/div><!-- .entry-summary -->\n\t\t\t\t\t<\/div><!-- wp-show-posts-inner --><\/article><article class=\" wp-show-posts-single post-32978 post type-post status-publish format-standard has-post-thumbnail hentry category-radlobby-akademie-webinare-vortraege wpsp-col-6\" itemtype=\"http:\/\/schema.org\/CreativeWork\" itemscope><div class=\"wp-show-posts-inner\" style=\"\">\t\t\t\t\t\t<header class=\"wp-show-posts-entry-header\">\n\t\t\t\t\t\t\t<p class=\"wp-show-posts-entry-title\" itemprop=\"headline\"><a href=\"https:\/\/www.radlobby.org\/noe\/radlobby-webinar-radlobby-noe-homepage-2\/\" rel=\"bookmark\">Mittwoch, 13. Dezember 2023 \u00ad\u00b7 15.00 Uhr<br>Radlobby-Webinar | Radlobby N\u00d6 Homepage<\/a><\/p>\t\t\t\t\t\t<\/header><!-- .entry-header -->\n\t\t\t\t\t\t\t<div class=\"wp-show-posts-image  wpsp-image-left \">\n\t\t\t<a href=\"https:\/\/www.radlobby.org\/noe\/radlobby-webinar-radlobby-noe-homepage-2\/\"  title=\"Mittwoch, 13. Dezember 2023 \u00ad\u00b7 15.00 UhrRadlobby-Webinar | Radlobby N\u00d6 Homepage\">\t\t\t\t\t<img decoding=\"async\" src=\"https:\/\/www.radlobby.org\/noe\/wp-content\/uploads\/RLNOE-HOMEPAGE-Screenshot-180x129.jpg\" alt=\"Mittwoch, 13. Dezember 2023 \u00ad\u00b7 15.00 Uhr<br>Radlobby-Webinar | Radlobby N\u00d6 Homepage\" itemprop=\"image\" class=\"left\" \/>\n\t\t\t\t<\/a>\t\t<\/div>\n\t\t\t\t\t\t\t\t<div class=\"wp-show-posts-entry-summary\" itemprop=\"text\">\n\t\t\t\t\t\t\t<p>Lerne, wie du als Radlobby-Verantwortliche.r einen personalisierten Newsletter gestaltest und versendest.<\/p>\n\t\t\t\t\t\t<\/div><!-- .entry-summary -->\n\t\t\t\t\t<\/div><!-- wp-show-posts-inner --><\/article><article class=\" wp-show-posts-single post-32935 post type-post status-publish format-standard has-post-thumbnail hentry category-radlobby-akademie-webinare-vortraege wpsp-col-6\" itemtype=\"http:\/\/schema.org\/CreativeWork\" itemscope><div class=\"wp-show-posts-inner\" style=\"\">\t\t\t\t\t\t<header class=\"wp-show-posts-entry-header\">\n\t\t\t\t\t\t\t<p class=\"wp-show-posts-entry-title\" itemprop=\"headline\"><a href=\"https:\/\/www.radlobby.org\/noe\/13-dezember-2023-%c2%b7-10-00-11-30-uhr-webinar-endlich-raus-aus-der-blase\/\" rel=\"bookmark\">13. Dezember 2023 \u00b7 10.00-11.30 Uhr <BR>Webinar | Endlich raus aus der Blase!<\/a><\/p>\t\t\t\t\t\t<\/header><!-- .entry-header -->\n\t\t\t\t\t\t\t<div class=\"wp-show-posts-image  wpsp-image-left \">\n\t\t\t<a href=\"https:\/\/www.radlobby.org\/noe\/13-dezember-2023-%c2%b7-10-00-11-30-uhr-webinar-endlich-raus-aus-der-blase\/\"  title=\"13. Dezember 2023 \u00b7 10.00-11.30 Uhr Webinar | Endlich raus aus der Blase!\">\t\t\t\t\t<img decoding=\"async\" src=\"https:\/\/www.radlobby.org\/noe\/wp-content\/uploads\/Sinus-Milieus-Video-180x114.jpg\" alt=\"13. Dezember 2023 \u00b7 10.00-11.30 Uhr <BR>Webinar | Endlich raus aus der Blase!\" itemprop=\"image\" class=\"left\" \/>\n\t\t\t\t<\/a>\t\t<\/div>\n\t\t\t\t\t\t\t\t<div class=\"wp-show-posts-entry-summary\" itemprop=\"text\">\n\t\t\t\t\t\t\t<p>Dr. Bertram Barth, Gesch\u00e4ftsf\u00fchrer des Integral Instituts, erkl\u00e4rt im klimaaktiv Webinar, wie Sie mit SINUS-Milieus Ihre Zielgruppen besser erreichen.<\/p>\n\t\t\t\t\t\t<\/div><!-- .entry-summary -->\n\t\t\t\t\t<\/div><!-- wp-show-posts-inner --><\/article><article class=\" wp-show-posts-single post-17820 post type-post status-publish format-standard has-post-thumbnail hentry category-radlobby-akademie-webinare-vortraege category-niederoesterreich wpsp-col-6\" itemtype=\"http:\/\/schema.org\/CreativeWork\" itemscope><div class=\"wp-show-posts-inner\" style=\"\">\t\t\t\t\t\t<header class=\"wp-show-posts-entry-header\">\n\t\t\t\t\t\t\t<p class=\"wp-show-posts-entry-title\" itemprop=\"headline\"><a href=\"https:\/\/www.radlobby.org\/noe\/radlobby-webinar-radinfrastruktur-vorschlaege-fuer-gemeinden-beispiel-bezirk-moedling-montag-17-mai-2021\/\" rel=\"bookmark\">Montag, 17. Mai 2021 <br>Radlobby-Webinar | Radinfrastruktur-Vorschl\u00e4ge f\u00fcr Gemeinden <br>Beispiel Bezirk M\u00f6dling<\/a><\/p>\t\t\t\t\t\t<\/header><!-- .entry-header -->\n\t\t\t\t\t\t\t<div class=\"wp-show-posts-image  wpsp-image-left \">\n\t\t\t<a href=\"https:\/\/www.radlobby.org\/noe\/radlobby-webinar-radinfrastruktur-vorschlaege-fuer-gemeinden-beispiel-bezirk-moedling-montag-17-mai-2021\/\"  title=\"Montag, 17. Mai 2021 Radlobby-Webinar | Radinfrastruktur-Vorschl\u00e4ge f\u00fcr Gemeinden Beispiel Bezirk M\u00f6dling\">\t\t\t\t\t<img decoding=\"async\" src=\"https:\/\/www.radlobby.org\/noe\/wp-content\/uploads\/20210517-Bezirk-Moedling-Radinfrastruktur-01-180x131.jpg\" alt=\"Montag, 17. Mai 2021 <br>Radlobby-Webinar | Radinfrastruktur-Vorschl\u00e4ge f\u00fcr Gemeinden <br>Beispiel Bezirk M\u00f6dling\" itemprop=\"image\" class=\"left\" \/>\n\t\t\t\t<\/a>\t\t<\/div>\n\t\t\t\t\t\t\t\t<div class=\"wp-show-posts-entry-summary\" itemprop=\"text\">\n\t\t\t\t\t\t\t<p>Einladung zum Radlobby Webinar: Wie wir Gemeinden M\u00e4ngel in der Radinfrastruktur \u00fcbermitteln Montag, 17. Mai 2021, 18.00 Uhr Anmeldung per&#8230;<\/p>\n\t\t\t\t\t\t<\/div><!-- .entry-summary -->\n\t\t\t\t\t<\/div><!-- wp-show-posts-inner --><\/article><div class=\"wpsp-clear\"><\/div><\/section><!-- .wp-show-posts -->\n<p>&nbsp;<\/p>\n<p>&nbsp;<\/p>\n","protected":false},"excerpt":{"rendered":"<p>Webinare der Radlobby und von befreundeten Organisationen &nbsp; &nbsp;<\/p>\n","protected":false},"author":16,"featured_media":0,"parent":0,"menu_order":0,"comment_status":"closed","ping_status":"closed","template":"","meta":{"footnotes":""},"class_list":["post-32693","page","type-page","status-publish","hentry"],"yoast_head":"<!-- This site is optimized with the Yoast SEO plugin v26.9 - https:\/\/yoast.com\/product\/yoast-seo-wordpress\/ -->\n<title>Kurse \u00b7 Webinare - Radlobby Nieder\u00f6sterreich<\/title>\n<meta name=\"robots\" content=\"index, follow, max-snippet:-1, max-image-preview:large, max-video-preview:-1\" \/>\n<link rel=\"canonical\" href=\"https:\/\/www.radlobby.org\/noe\/kurse-webinare\/\" \/>\n<meta property=\"og:locale\" content=\"de_DE\" \/>\n<meta property=\"og:type\" content=\"article\" \/>\n<meta property=\"og:title\" content=\"Kurse \u00b7 Webinare - Radlobby Nieder\u00f6sterreich\" \/>\n<meta property=\"og:description\" content=\"Webinare der Radlobby und von befreundeten Organisationen &nbsp; &nbsp;\" \/>\n<meta property=\"og:url\" content=\"https:\/\/www.radlobby.org\/noe\/kurse-webinare\/\" \/>\n<meta property=\"og:site_name\" content=\"Radlobby Nieder\u00f6sterreich\" \/>\n<meta property=\"article:publisher\" content=\"https:\/\/www.facebook.com\/groups\/radfahren.in.noe\/\" \/>\n<meta property=\"article:modified_time\" content=\"2024-02-01T08:43:19+00:00\" \/>\n<meta property=\"og:image\" content=\"https:\/\/www.radlobby.org\/noe\/wp-content\/uploads\/Radlobby-Webinar-Logo-300x175.jpg\" \/>\n<meta name=\"twitter:card\" content=\"summary_large_image\" \/>\n<meta name=\"twitter:label1\" content=\"Gesch\u00e4tzte Lesezeit\" \/>\n\t<meta name=\"twitter:data1\" content=\"1\u00a0Minute\" \/>\n<script type=\"application\/ld+json\" class=\"yoast-schema-graph\">{\"@context\":\"https:\/\/schema.org\",\"@graph\":[{\"@type\":\"WebPage\",\"@id\":\"https:\/\/www.radlobby.org\/noe\/kurse-webinare\/\",\"url\":\"https:\/\/www.radlobby.org\/noe\/kurse-webinare\/\",\"name\":\"Kurse \u00b7 Webinare - Radlobby Nieder\u00f6sterreich\",\"isPartOf\":{\"@id\":\"https:\/\/www.radlobby.org\/noe\/#website\"},\"primaryImageOfPage\":{\"@id\":\"https:\/\/www.radlobby.org\/noe\/kurse-webinare\/#primaryimage\"},\"image\":{\"@id\":\"https:\/\/www.radlobby.org\/noe\/kurse-webinare\/#primaryimage\"},\"thumbnailUrl\":\"https:\/\/www.radlobby.org\/noe\/wp-content\/uploads\/Radlobby-Webinar-Logo-300x175.jpg\",\"datePublished\":\"2023-11-29T09:27:08+00:00\",\"dateModified\":\"2024-02-01T08:43:19+00:00\",\"breadcrumb\":{\"@id\":\"https:\/\/www.radlobby.org\/noe\/kurse-webinare\/#breadcrumb\"},\"inLanguage\":\"de\",\"potentialAction\":[{\"@type\":\"ReadAction\",\"target\":[\"https:\/\/www.radlobby.org\/noe\/kurse-webinare\/\"]}]},{\"@type\":\"ImageObject\",\"inLanguage\":\"de\",\"@id\":\"https:\/\/www.radlobby.org\/noe\/kurse-webinare\/#primaryimage\",\"url\":\"https:\/\/www.radlobby.org\/noe\/wp-content\/uploads\/Radlobby-Webinar-Logo.jpg\",\"contentUrl\":\"https:\/\/www.radlobby.org\/noe\/wp-content\/uploads\/Radlobby-Webinar-Logo.jpg\",\"width\":571,\"height\":333},{\"@type\":\"BreadcrumbList\",\"@id\":\"https:\/\/www.radlobby.org\/noe\/kurse-webinare\/#breadcrumb\",\"itemListElement\":[{\"@type\":\"ListItem\",\"position\":1,\"name\":\"Startseite\",\"item\":\"https:\/\/www.radlobby.org\/noe\/\"},{\"@type\":\"ListItem\",\"position\":2,\"name\":\"Kurse \u00b7 Webinare\"}]},{\"@type\":\"WebSite\",\"@id\":\"https:\/\/www.radlobby.org\/noe\/#website\",\"url\":\"https:\/\/www.radlobby.org\/noe\/\",\"name\":\"Radlobby Nieder\u00f6sterreich\",\"description\":\"Radverkehr, Fahrrad, Radfahren, Radreisen, Radtouren, Radweg\",\"publisher\":{\"@id\":\"https:\/\/www.radlobby.org\/noe\/#organization\"},\"potentialAction\":[{\"@type\":\"SearchAction\",\"target\":{\"@type\":\"EntryPoint\",\"urlTemplate\":\"https:\/\/www.radlobby.org\/noe\/?s={search_term_string}\"},\"query-input\":{\"@type\":\"PropertyValueSpecification\",\"valueRequired\":true,\"valueName\":\"search_term_string\"}}],\"inLanguage\":\"de\"},{\"@type\":\"Organization\",\"@id\":\"https:\/\/www.radlobby.org\/noe\/#organization\",\"name\":\"Radlobby Nieder\u00f6sterreich\",\"url\":\"https:\/\/www.radlobby.org\/noe\/\",\"logo\":{\"@type\":\"ImageObject\",\"inLanguage\":\"de\",\"@id\":\"https:\/\/www.radlobby.org\/noe\/#\/schema\/logo\/image\/\",\"url\":\"https:\/\/www.radlobby.org\/noe\/wp-content\/uploads\/2017\/01\/cropped-Logo_Radlobby_Niederoesterreich_50-400px_quer-1.jpg\",\"contentUrl\":\"https:\/\/www.radlobby.org\/noe\/wp-content\/uploads\/2017\/01\/cropped-Logo_Radlobby_Niederoesterreich_50-400px_quer-1.jpg\",\"width\":450,\"height\":124,\"caption\":\"Radlobby Nieder\u00f6sterreich\"},\"image\":{\"@id\":\"https:\/\/www.radlobby.org\/noe\/#\/schema\/logo\/image\/\"},\"sameAs\":[\"https:\/\/www.facebook.com\/groups\/radfahren.in.noe\/\"]}]}<\/script>\n<!-- \/ Yoast SEO plugin. -->","yoast_head_json":{"title":"Kurse \u00b7 Webinare - Radlobby Nieder\u00f6sterreich","robots":{"index":"index","follow":"follow","max-snippet":"max-snippet:-1","max-image-preview":"max-image-preview:large","max-video-preview":"max-video-preview:-1"},"canonical":"https:\/\/www.radlobby.org\/noe\/kurse-webinare\/","og_locale":"de_DE","og_type":"article","og_title":"Kurse \u00b7 Webinare - Radlobby Nieder\u00f6sterreich","og_description":"Webinare der Radlobby und von befreundeten Organisationen &nbsp; &nbsp;","og_url":"https:\/\/www.radlobby.org\/noe\/kurse-webinare\/","og_site_name":"Radlobby Nieder\u00f6sterreich","article_publisher":"https:\/\/www.facebook.com\/groups\/radfahren.in.noe\/","article_modified_time":"2024-02-01T08:43:19+00:00","og_image":[{"url":"https:\/\/www.radlobby.org\/noe\/wp-content\/uploads\/Radlobby-Webinar-Logo-300x175.jpg","type":"","width":"","height":""}],"twitter_card":"summary_large_image","twitter_misc":{"Gesch\u00e4tzte Lesezeit":"1\u00a0Minute"},"schema":{"@context":"https:\/\/schema.org","@graph":[{"@type":"WebPage","@id":"https:\/\/www.radlobby.org\/noe\/kurse-webinare\/","url":"https:\/\/www.radlobby.org\/noe\/kurse-webinare\/","name":"Kurse \u00b7 Webinare - Radlobby Nieder\u00f6sterreich","isPartOf":{"@id":"https:\/\/www.radlobby.org\/noe\/#website"},"primaryImageOfPage":{"@id":"https:\/\/www.radlobby.org\/noe\/kurse-webinare\/#primaryimage"},"image":{"@id":"https:\/\/www.radlobby.org\/noe\/kurse-webinare\/#primaryimage"},"thumbnailUrl":"https:\/\/www.radlobby.org\/noe\/wp-content\/uploads\/Radlobby-Webinar-Logo-300x175.jpg","datePublished":"2023-11-29T09:27:08+00:00","dateModified":"2024-02-01T08:43:19+00:00","breadcrumb":{"@id":"https:\/\/www.radlobby.org\/noe\/kurse-webinare\/#breadcrumb"},"inLanguage":"de","potentialAction":[{"@type":"ReadAction","target":["https:\/\/www.radlobby.org\/noe\/kurse-webinare\/"]}]},{"@type":"ImageObject","inLanguage":"de","@id":"https:\/\/www.radlobby.org\/noe\/kurse-webinare\/#primaryimage","url":"https:\/\/www.radlobby.org\/noe\/wp-content\/uploads\/Radlobby-Webinar-Logo.jpg","contentUrl":"https:\/\/www.radlobby.org\/noe\/wp-content\/uploads\/Radlobby-Webinar-Logo.jpg","width":571,"height":333},{"@type":"BreadcrumbList","@id":"https:\/\/www.radlobby.org\/noe\/kurse-webinare\/#breadcrumb","itemListElement":[{"@type":"ListItem","position":1,"name":"Startseite","item":"https:\/\/www.radlobby.org\/noe\/"},{"@type":"ListItem","position":2,"name":"Kurse \u00b7 Webinare"}]},{"@type":"WebSite","@id":"https:\/\/www.radlobby.org\/noe\/#website","url":"https:\/\/www.radlobby.org\/noe\/","name":"Radlobby Nieder\u00f6sterreich","description":"Radverkehr, Fahrrad, Radfahren, Radreisen, Radtouren, Radweg","publisher":{"@id":"https:\/\/www.radlobby.org\/noe\/#organization"},"potentialAction":[{"@type":"SearchAction","target":{"@type":"EntryPoint","urlTemplate":"https:\/\/www.radlobby.org\/noe\/?s={search_term_string}"},"query-input":{"@type":"PropertyValueSpecification","valueRequired":true,"valueName":"search_term_string"}}],"inLanguage":"de"},{"@type":"Organization","@id":"https:\/\/www.radlobby.org\/noe\/#organization","name":"Radlobby Nieder\u00f6sterreich","url":"https:\/\/www.radlobby.org\/noe\/","logo":{"@type":"ImageObject","inLanguage":"de","@id":"https:\/\/www.radlobby.org\/noe\/#\/schema\/logo\/image\/","url":"https:\/\/www.radlobby.org\/noe\/wp-content\/uploads\/2017\/01\/cropped-Logo_Radlobby_Niederoesterreich_50-400px_quer-1.jpg","contentUrl":"https:\/\/www.radlobby.org\/noe\/wp-content\/uploads\/2017\/01\/cropped-Logo_Radlobby_Niederoesterreich_50-400px_quer-1.jpg","width":450,"height":124,"caption":"Radlobby Nieder\u00f6sterreich"},"image":{"@id":"https:\/\/www.radlobby.org\/noe\/#\/schema\/logo\/image\/"},"sameAs":["https:\/\/www.facebook.com\/groups\/radfahren.in.noe\/"]}]}},"_links":{"self":[{"href":"https:\/\/www.radlobby.org\/noe\/wp-json\/wp\/v2\/pages\/32693","targetHints":{"allow":["GET"]}}],"collection":[{"href":"https:\/\/www.radlobby.org\/noe\/wp-json\/wp\/v2\/pages"}],"about":[{"href":"https:\/\/www.radlobby.org\/noe\/wp-json\/wp\/v2\/types\/page"}],"author":[{"embeddable":true,"href":"https:\/\/www.radlobby.org\/noe\/wp-json\/wp\/v2\/users\/16"}],"replies":[{"embeddable":true,"href":"https:\/\/www.radlobby.org\/noe\/wp-json\/wp\/v2\/comments?post=32693"}],"version-history":[{"count":10,"href":"https:\/\/www.radlobby.org\/noe\/wp-json\/wp\/v2\/pages\/32693\/revisions"}],"predecessor-version":[{"id":33726,"href":"https:\/\/www.radlobby.org\/noe\/wp-json\/wp\/v2\/pages\/32693\/revisions\/33726"}],"wp:attachment":[{"href":"https:\/\/www.radlobby.org\/noe\/wp-json\/wp\/v2\/media?parent=32693"}],"curies":[{"name":"wp","href":"https:\/\/api.w.org\/{rel}","templated":true}]}}