{"id":30207,"date":"2023-06-14T15:39:11","date_gmt":"2023-06-14T13:39:11","guid":{"rendered":"https:\/\/www.radlobby.org\/noe\/?page_id=30207"},"modified":"2025-04-24T03:09:31","modified_gmt":"2025-04-24T01:09:31","slug":"radlobby-mauerbach-team","status":"publish","type":"page","link":"https:\/\/www.radlobby.org\/noe\/radlobby-mauerbach-team\/","title":{"rendered":"Radlobby Mauerbach &#8211; Team"},"content":{"rendered":"<p>Das Team der Radlobby Mauerbach erreichen Sie unter<br \/>\n<a href=\"mailto:mauerbach@radlobby.at\">mauerbach@radlobby.at<\/a><\/p>\n<table border=\"0\">\n<tbody>\n<tr>\n<td style=\"vertical-align: top;\"><img loading=\"lazy\" decoding=\"async\" class=\"wp-image-30247 aligncenter\" src=\"https:\/\/www.radlobby.org\/noe\/wp-content\/uploads\/RL-Portraet-Stefan-300x287.jpg\" alt=\"\" width=\"183\" height=\"175\" srcset=\"https:\/\/www.radlobby.org\/noe\/wp-content\/uploads\/RL-Portraet-Stefan-300x287.jpg 300w, https:\/\/www.radlobby.org\/noe\/wp-content\/uploads\/RL-Portraet-Stefan-768x735.jpg 768w, https:\/\/www.radlobby.org\/noe\/wp-content\/uploads\/RL-Portraet-Stefan.jpg 1012w\" sizes=\"auto, (max-width: 183px) 100vw, 183px\" \/><\/td>\n<td style=\"vertical-align: top;\"><\/td>\n<td style=\"vertical-align: top;\"><strong>Stefan Daxberger<\/strong><br \/>\nGruppenverantwortlicher<br \/>\n<a href=\"mailto:stefan.daxberger@radlobby.at\">stefan.daxberger@radlobby.at<\/a><\/td>\n<\/tr>\n<tr>\n<td style=\"vertical-align: top;\"><img loading=\"lazy\" decoding=\"async\" class=\"aligncenter\" src=\"https:\/\/secure.fundraisingbox.com\/pages\/getImage\/type\/page\/domain\/h256m\/5626407.jpg\" width=\"153\" height=\"153\" \/><\/td>\n<td style=\"vertical-align: top;\"><\/td>\n<td style=\"vertical-align: top;\"><b><strong>Alexandra und Teresa Lindtner <\/strong><\/b>Eventmanagerinnen<\/p>\n<p><b><strong>und Ivan<\/strong><\/b><br \/>\nFahrrad-Allrounder<\/td>\n<\/tr>\n<tr>\n<td style=\"vertical-align: top;\"><img loading=\"lazy\" decoding=\"async\" class=\"alignnone wp-image-30246\" src=\"https:\/\/www.radlobby.org\/noe\/wp-content\/uploads\/RL-Portraet-Herbert-300x263.jpg\" alt=\"\" width=\"260\" height=\"228\" srcset=\"https:\/\/www.radlobby.org\/noe\/wp-content\/uploads\/RL-Portraet-Herbert-300x263.jpg 300w, https:\/\/www.radlobby.org\/noe\/wp-content\/uploads\/RL-Portraet-Herbert-768x674.jpg 768w, https:\/\/www.radlobby.org\/noe\/wp-content\/uploads\/RL-Portraet-Herbert.jpg 1083w\" sizes=\"auto, (max-width: 260px) 100vw, 260px\" \/><\/td>\n<td style=\"vertical-align: top;\"><\/td>\n<td style=\"vertical-align: top;\"><b><strong>Herbert Wagner<\/strong><\/b><br \/>\nTourenkenner<\/td>\n<\/tr>\n<tr>\n<td style=\"vertical-align: top;\"><img loading=\"lazy\" decoding=\"async\" class=\"wp-image-30242 aligncenter\" src=\"https:\/\/www.radlobby.org\/noe\/wp-content\/uploads\/RL-Portraet-Elena-210x300.jpg\" alt=\"\" width=\"163\" height=\"233\" srcset=\"https:\/\/www.radlobby.org\/noe\/wp-content\/uploads\/RL-Portraet-Elena-210x300.jpg 210w, https:\/\/www.radlobby.org\/noe\/wp-content\/uploads\/RL-Portraet-Elena-768x1095.jpg 768w, https:\/\/www.radlobby.org\/noe\/wp-content\/uploads\/RL-Portraet-Elena.jpg 970w\" sizes=\"auto, (max-width: 163px) 100vw, 163px\" \/><\/td>\n<td style=\"vertical-align: top;\"><\/td>\n<td style=\"vertical-align: top;\"><b><strong>Elena Balazs<\/strong><\/b><br \/>\nVital MentorIn<\/td>\n<\/tr>\n<tr>\n<td style=\"vertical-align: top;\"><img loading=\"lazy\" decoding=\"async\" class=\"wp-image-30244 aligncenter\" src=\"https:\/\/www.radlobby.org\/noe\/wp-content\/uploads\/RL-Portraet-Sylvia-1-150x300.jpg\" alt=\"\" width=\"128\" height=\"256\" srcset=\"https:\/\/www.radlobby.org\/noe\/wp-content\/uploads\/RL-Portraet-Sylvia-1-150x300.jpg 150w, https:\/\/www.radlobby.org\/noe\/wp-content\/uploads\/RL-Portraet-Sylvia-1.jpg 604w\" sizes=\"auto, (max-width: 128px) 100vw, 128px\" \/><\/td>\n<td style=\"vertical-align: top;\">&nbsp;<\/p>\n<p>&nbsp;<\/td>\n<td style=\"vertical-align: top;\"><b><strong>Sylvia Steinb\u00e4cker<\/strong><\/b><br \/>\nPR<\/td>\n<\/tr>\n<tr>\n<td style=\"vertical-align: top;\">Gr\u00fcndungsmitglied<\/td>\n<td style=\"vertical-align: top;\"><\/td>\n<td style=\"vertical-align: top;\"><b><strong>Stephan Sch\u00fctz<\/strong><\/b><\/td>\n<\/tr>\n<tr>\n<td style=\"vertical-align: top;\">Gr\u00fcndungsmitglied<\/td>\n<td style=\"vertical-align: top;\"><\/td>\n<td style=\"vertical-align: top;\"><b><strong>Verena Hauer<\/strong><\/b><\/td>\n<\/tr>\n<tr>\n<td style=\"vertical-align: top;\">Gr\u00fcndungsmitglied<\/td>\n<td style=\"vertical-align: top;\"><\/td>\n<td style=\"vertical-align: top;\"><b><strong>Klaus Miklosek<\/strong><\/b><\/td>\n<\/tr>\n<tr>\n<td style=\"vertical-align: top;\">und \u00fcber weitere 161 radfahrbegeisterte MauerbacherInnen<\/td>\n<td style=\"vertical-align: top;\"><\/td>\n<td style=\"vertical-align: top;\"><\/td>\n<\/tr>\n<\/tbody>\n<\/table>\n<p>&nbsp;<\/p>\n","protected":false},"excerpt":{"rendered":"<p>Das Team der Radlobby Mauerbach erreichen Sie unter mauerbach@radlobby.at Stefan Daxberger Gruppenverantwortlicher stefan.daxberger@radlobby.at Alexandra und Teresa Lindtner Eventmanagerinnen und Ivan Fahrrad-Allrounder Herbert Wagner Tourenkenner Elena Balazs Vital MentorIn &nbsp; &nbsp; Sylvia Steinb\u00e4cker PR Gr\u00fcndungsmitglied Stephan Sch\u00fctz Gr\u00fcndungsmitglied Verena Hauer Gr\u00fcndungsmitglied<\/p>\n","protected":false},"author":16,"featured_media":0,"parent":0,"menu_order":0,"comment_status":"closed","ping_status":"closed","template":"","meta":{"footnotes":""},"class_list":["post-30207","page","type-page","status-publish","hentry"],"yoast_head":"<!-- This site is optimized with the Yoast SEO plugin v26.9 - https:\/\/yoast.com\/product\/yoast-seo-wordpress\/ -->\n<title>Radlobby Mauerbach - Team - Radlobby Nieder\u00f6sterreich<\/title>\n<meta name=\"robots\" content=\"index, follow, max-snippet:-1, max-image-preview:large, max-video-preview:-1\" \/>\n<link rel=\"canonical\" href=\"https:\/\/www.radlobby.org\/noe\/radlobby-mauerbach-team\/\" \/>\n<meta property=\"og:locale\" content=\"de_DE\" \/>\n<meta property=\"og:type\" content=\"article\" \/>\n<meta property=\"og:title\" content=\"Radlobby Mauerbach - Team - Radlobby Nieder\u00f6sterreich\" \/>\n<meta property=\"og:description\" content=\"Das Team der Radlobby Mauerbach erreichen Sie unter mauerbach@radlobby.at Stefan Daxberger Gruppenverantwortlicher stefan.daxberger@radlobby.at Alexandra und Teresa Lindtner Eventmanagerinnen und Ivan Fahrrad-Allrounder Herbert Wagner Tourenkenner Elena Balazs Vital MentorIn &nbsp; &nbsp; Sylvia Steinb\u00e4cker PR Gr\u00fcndungsmitglied Stephan Sch\u00fctz Gr\u00fcndungsmitglied Verena Hauer Gr\u00fcndungsmitglied\" \/>\n<meta property=\"og:url\" content=\"https:\/\/www.radlobby.org\/noe\/radlobby-mauerbach-team\/\" \/>\n<meta property=\"og:site_name\" content=\"Radlobby Nieder\u00f6sterreich\" \/>\n<meta property=\"article:publisher\" content=\"https:\/\/www.facebook.com\/groups\/radfahren.in.noe\/\" \/>\n<meta property=\"article:modified_time\" content=\"2025-04-24T01:09:31+00:00\" \/>\n<meta property=\"og:image\" content=\"https:\/\/www.radlobby.org\/noe\/wp-content\/uploads\/RL-Portraet-Stefan.jpg\" \/>\n\t<meta property=\"og:image:width\" content=\"1012\" \/>\n\t<meta property=\"og:image:height\" content=\"968\" \/>\n\t<meta property=\"og:image:type\" content=\"image\/jpeg\" \/>\n<meta name=\"twitter:card\" content=\"summary_large_image\" \/>\n<meta name=\"twitter:label1\" content=\"Gesch\u00e4tzte Lesezeit\" \/>\n\t<meta name=\"twitter:data1\" content=\"2\u00a0Minuten\" \/>\n<script type=\"application\/ld+json\" class=\"yoast-schema-graph\">{\"@context\":\"https:\/\/schema.org\",\"@graph\":[{\"@type\":\"WebPage\",\"@id\":\"https:\/\/www.radlobby.org\/noe\/radlobby-mauerbach-team\/\",\"url\":\"https:\/\/www.radlobby.org\/noe\/radlobby-mauerbach-team\/\",\"name\":\"Radlobby Mauerbach - Team - Radlobby Nieder\u00f6sterreich\",\"isPartOf\":{\"@id\":\"https:\/\/www.radlobby.org\/noe\/#website\"},\"primaryImageOfPage\":{\"@id\":\"https:\/\/www.radlobby.org\/noe\/radlobby-mauerbach-team\/#primaryimage\"},\"image\":{\"@id\":\"https:\/\/www.radlobby.org\/noe\/radlobby-mauerbach-team\/#primaryimage\"},\"thumbnailUrl\":\"https:\/\/www.radlobby.org\/noe\/wp-content\/uploads\/RL-Portraet-Stefan-300x287.jpg\",\"datePublished\":\"2023-06-14T13:39:11+00:00\",\"dateModified\":\"2025-04-24T01:09:31+00:00\",\"breadcrumb\":{\"@id\":\"https:\/\/www.radlobby.org\/noe\/radlobby-mauerbach-team\/#breadcrumb\"},\"inLanguage\":\"de\",\"potentialAction\":[{\"@type\":\"ReadAction\",\"target\":[\"https:\/\/www.radlobby.org\/noe\/radlobby-mauerbach-team\/\"]}]},{\"@type\":\"ImageObject\",\"inLanguage\":\"de\",\"@id\":\"https:\/\/www.radlobby.org\/noe\/radlobby-mauerbach-team\/#primaryimage\",\"url\":\"https:\/\/www.radlobby.org\/noe\/wp-content\/uploads\/RL-Portraet-Stefan.jpg\",\"contentUrl\":\"https:\/\/www.radlobby.org\/noe\/wp-content\/uploads\/RL-Portraet-Stefan.jpg\",\"width\":1012,\"height\":968},{\"@type\":\"BreadcrumbList\",\"@id\":\"https:\/\/www.radlobby.org\/noe\/radlobby-mauerbach-team\/#breadcrumb\",\"itemListElement\":[{\"@type\":\"ListItem\",\"position\":1,\"name\":\"Startseite\",\"item\":\"https:\/\/www.radlobby.org\/noe\/\"},{\"@type\":\"ListItem\",\"position\":2,\"name\":\"Radlobby Mauerbach &#8211; Team\"}]},{\"@type\":\"WebSite\",\"@id\":\"https:\/\/www.radlobby.org\/noe\/#website\",\"url\":\"https:\/\/www.radlobby.org\/noe\/\",\"name\":\"Radlobby Nieder\u00f6sterreich\",\"description\":\"Radverkehr, Fahrrad, Radfahren, Radreisen, Radtouren, Radweg\",\"publisher\":{\"@id\":\"https:\/\/www.radlobby.org\/noe\/#organization\"},\"potentialAction\":[{\"@type\":\"SearchAction\",\"target\":{\"@type\":\"EntryPoint\",\"urlTemplate\":\"https:\/\/www.radlobby.org\/noe\/?s={search_term_string}\"},\"query-input\":{\"@type\":\"PropertyValueSpecification\",\"valueRequired\":true,\"valueName\":\"search_term_string\"}}],\"inLanguage\":\"de\"},{\"@type\":\"Organization\",\"@id\":\"https:\/\/www.radlobby.org\/noe\/#organization\",\"name\":\"Radlobby Nieder\u00f6sterreich\",\"url\":\"https:\/\/www.radlobby.org\/noe\/\",\"logo\":{\"@type\":\"ImageObject\",\"inLanguage\":\"de\",\"@id\":\"https:\/\/www.radlobby.org\/noe\/#\/schema\/logo\/image\/\",\"url\":\"https:\/\/www.radlobby.org\/noe\/wp-content\/uploads\/2017\/01\/cropped-Logo_Radlobby_Niederoesterreich_50-400px_quer-1.jpg\",\"contentUrl\":\"https:\/\/www.radlobby.org\/noe\/wp-content\/uploads\/2017\/01\/cropped-Logo_Radlobby_Niederoesterreich_50-400px_quer-1.jpg\",\"width\":450,\"height\":124,\"caption\":\"Radlobby Nieder\u00f6sterreich\"},\"image\":{\"@id\":\"https:\/\/www.radlobby.org\/noe\/#\/schema\/logo\/image\/\"},\"sameAs\":[\"https:\/\/www.facebook.com\/groups\/radfahren.in.noe\/\"]}]}<\/script>\n<!-- \/ Yoast SEO plugin. -->","yoast_head_json":{"title":"Radlobby Mauerbach - Team - Radlobby Nieder\u00f6sterreich","robots":{"index":"index","follow":"follow","max-snippet":"max-snippet:-1","max-image-preview":"max-image-preview:large","max-video-preview":"max-video-preview:-1"},"canonical":"https:\/\/www.radlobby.org\/noe\/radlobby-mauerbach-team\/","og_locale":"de_DE","og_type":"article","og_title":"Radlobby Mauerbach - Team - Radlobby Nieder\u00f6sterreich","og_description":"Das Team der Radlobby Mauerbach erreichen Sie unter mauerbach@radlobby.at Stefan Daxberger Gruppenverantwortlicher stefan.daxberger@radlobby.at Alexandra und Teresa Lindtner Eventmanagerinnen und Ivan Fahrrad-Allrounder Herbert Wagner Tourenkenner Elena Balazs Vital MentorIn &nbsp; &nbsp; Sylvia Steinb\u00e4cker PR Gr\u00fcndungsmitglied Stephan Sch\u00fctz Gr\u00fcndungsmitglied Verena Hauer Gr\u00fcndungsmitglied","og_url":"https:\/\/www.radlobby.org\/noe\/radlobby-mauerbach-team\/","og_site_name":"Radlobby Nieder\u00f6sterreich","article_publisher":"https:\/\/www.facebook.com\/groups\/radfahren.in.noe\/","article_modified_time":"2025-04-24T01:09:31+00:00","og_image":[{"width":1012,"height":968,"url":"https:\/\/www.radlobby.org\/noe\/wp-content\/uploads\/RL-Portraet-Stefan.jpg","type":"image\/jpeg"}],"twitter_card":"summary_large_image","twitter_misc":{"Gesch\u00e4tzte Lesezeit":"2\u00a0Minuten"},"schema":{"@context":"https:\/\/schema.org","@graph":[{"@type":"WebPage","@id":"https:\/\/www.radlobby.org\/noe\/radlobby-mauerbach-team\/","url":"https:\/\/www.radlobby.org\/noe\/radlobby-mauerbach-team\/","name":"Radlobby Mauerbach - Team - Radlobby Nieder\u00f6sterreich","isPartOf":{"@id":"https:\/\/www.radlobby.org\/noe\/#website"},"primaryImageOfPage":{"@id":"https:\/\/www.radlobby.org\/noe\/radlobby-mauerbach-team\/#primaryimage"},"image":{"@id":"https:\/\/www.radlobby.org\/noe\/radlobby-mauerbach-team\/#primaryimage"},"thumbnailUrl":"https:\/\/www.radlobby.org\/noe\/wp-content\/uploads\/RL-Portraet-Stefan-300x287.jpg","datePublished":"2023-06-14T13:39:11+00:00","dateModified":"2025-04-24T01:09:31+00:00","breadcrumb":{"@id":"https:\/\/www.radlobby.org\/noe\/radlobby-mauerbach-team\/#breadcrumb"},"inLanguage":"de","potentialAction":[{"@type":"ReadAction","target":["https:\/\/www.radlobby.org\/noe\/radlobby-mauerbach-team\/"]}]},{"@type":"ImageObject","inLanguage":"de","@id":"https:\/\/www.radlobby.org\/noe\/radlobby-mauerbach-team\/#primaryimage","url":"https:\/\/www.radlobby.org\/noe\/wp-content\/uploads\/RL-Portraet-Stefan.jpg","contentUrl":"https:\/\/www.radlobby.org\/noe\/wp-content\/uploads\/RL-Portraet-Stefan.jpg","width":1012,"height":968},{"@type":"BreadcrumbList","@id":"https:\/\/www.radlobby.org\/noe\/radlobby-mauerbach-team\/#breadcrumb","itemListElement":[{"@type":"ListItem","position":1,"name":"Startseite","item":"https:\/\/www.radlobby.org\/noe\/"},{"@type":"ListItem","position":2,"name":"Radlobby Mauerbach &#8211; Team"}]},{"@type":"WebSite","@id":"https:\/\/www.radlobby.org\/noe\/#website","url":"https:\/\/www.radlobby.org\/noe\/","name":"Radlobby Nieder\u00f6sterreich","description":"Radverkehr, Fahrrad, Radfahren, Radreisen, Radtouren, Radweg","publisher":{"@id":"https:\/\/www.radlobby.org\/noe\/#organization"},"potentialAction":[{"@type":"SearchAction","target":{"@type":"EntryPoint","urlTemplate":"https:\/\/www.radlobby.org\/noe\/?s={search_term_string}"},"query-input":{"@type":"PropertyValueSpecification","valueRequired":true,"valueName":"search_term_string"}}],"inLanguage":"de"},{"@type":"Organization","@id":"https:\/\/www.radlobby.org\/noe\/#organization","name":"Radlobby Nieder\u00f6sterreich","url":"https:\/\/www.radlobby.org\/noe\/","logo":{"@type":"ImageObject","inLanguage":"de","@id":"https:\/\/www.radlobby.org\/noe\/#\/schema\/logo\/image\/","url":"https:\/\/www.radlobby.org\/noe\/wp-content\/uploads\/2017\/01\/cropped-Logo_Radlobby_Niederoesterreich_50-400px_quer-1.jpg","contentUrl":"https:\/\/www.radlobby.org\/noe\/wp-content\/uploads\/2017\/01\/cropped-Logo_Radlobby_Niederoesterreich_50-400px_quer-1.jpg","width":450,"height":124,"caption":"Radlobby Nieder\u00f6sterreich"},"image":{"@id":"https:\/\/www.radlobby.org\/noe\/#\/schema\/logo\/image\/"},"sameAs":["https:\/\/www.facebook.com\/groups\/radfahren.in.noe\/"]}]}},"_links":{"self":[{"href":"https:\/\/www.radlobby.org\/noe\/wp-json\/wp\/v2\/pages\/30207","targetHints":{"allow":["GET"]}}],"collection":[{"href":"https:\/\/www.radlobby.org\/noe\/wp-json\/wp\/v2\/pages"}],"about":[{"href":"https:\/\/www.radlobby.org\/noe\/wp-json\/wp\/v2\/types\/page"}],"author":[{"embeddable":true,"href":"https:\/\/www.radlobby.org\/noe\/wp-json\/wp\/v2\/users\/16"}],"replies":[{"embeddable":true,"href":"https:\/\/www.radlobby.org\/noe\/wp-json\/wp\/v2\/comments?post=30207"}],"version-history":[{"count":10,"href":"https:\/\/www.radlobby.org\/noe\/wp-json\/wp\/v2\/pages\/30207\/revisions"}],"predecessor-version":[{"id":38822,"href":"https:\/\/www.radlobby.org\/noe\/wp-json\/wp\/v2\/pages\/30207\/revisions\/38822"}],"wp:attachment":[{"href":"https:\/\/www.radlobby.org\/noe\/wp-json\/wp\/v2\/media?parent=30207"}],"curies":[{"name":"wp","href":"https:\/\/api.w.org\/{rel}","templated":true}]}}