{"id":29860,"date":"2023-05-26T03:17:10","date_gmt":"2023-05-26T01:17:10","guid":{"rendered":"https:\/\/www.radlobby.org\/noe\/?page_id=29860"},"modified":"2023-05-26T03:27:24","modified_gmt":"2023-05-26T01:27:24","slug":"moedling-teilnahmeregeln-radausfluege","status":"publish","type":"page","link":"https:\/\/www.radlobby.org\/noe\/moedling-teilnahmeregeln-radausfluege\/","title":{"rendered":"Teilnahmeregeln f\u00fcr Radausfl\u00fcge der Radlobby M\u00f6dling"},"content":{"rendered":"<p>Allgemeine Regeln f\u00fcr die Teilnahme an unseren Radtouren:<\/p>\n<div>\n<ul>\n<li>Anmeldung ist erw\u00fcnscht.<br \/>\n<span style=\"font-size: 10pt;\">Bitte auch die Telefonnummer angeben, damit die Teilnehmenden bei kurzfristigen \u00c4nderungen (z. B. Absage bei Regen) oder w\u00e4hrend der Tour angerufen oder mit SMS verst\u00e4ndigt werden k\u00f6nnen.<\/span><\/li>\n<li>Mit der Anmeldung erkl\u00e4rt sich der\/die Teilnehmende mit der <a href=\"https:\/\/www.radlobby.org\/noe\/datenschutz\/\">Datenschutzerkl\u00e4rung der Radlobby N\u00d6<\/a> einverstanden.<\/li>\n<li>Bei\u00a0Schlechtwetter entscheiden wir manchmal kurzfristig, ob die Tour stattfindet oder nicht bzw. ob die Tour verk\u00fcrzt wird.<\/li>\n<li>Unterwegs k\u00f6nnen Zeitangaben und Routen von den Ank\u00fcndigungen abweichen.<\/li>\n<li>Jede.r nimmt auf eigene Verantwortung teil.<\/li>\n<li>Eltern oder Begleitpersonen ab 16 Jahren haften f\u00fcr die Kinder.<\/li>\n<li>Von allen Teilnehmer.innen k\u00f6nnen Fotos gemacht werden. Diese k\u00f6nnen in diversen Medien ver\u00f6ffentlicht werden.<\/li>\n<li>Wir respektieren die Stra\u00dfenverkehrsordnung \u2013 StVO.<\/li>\n<li>Wir nehmen R\u00fccksicht aufeinander und radeln in gem\u00fctlichem Fahrstil.<\/li>\n<li>Pausen dienen der gemeinsamen Erholung.<\/li>\n<li>E-Bike-Fahrer.innen bestimmen NICHT das Tempo.<\/li>\n<li>Eventuelle Eintrittsgelder, Fahrkarten, Verpflegung, etc. sind selbst zu bezahlen.<\/li>\n<li>Empfohlene Packliste nach eigener Wahl:<br \/>\nGetr\u00e4nk !!!, ggf. St\u00e4rkung f\u00fcr Unterwegs, Regenschutz,\u00a0Helm, Reserveschlauch, Sonnencreme, UV-Schutz-Brillen, Telefon, &#8230;<\/li>\n<li>Einfaches Werkzeug f\u00fcr Reifenpannen und ein Erste Hilfe-Set nimmt die Radlobby mit.<\/li>\n<li>Tipp: Werden Sie Radlobby-Mitglied um die Radlobby zu unterst\u00fctzen.<\/li>\n<\/ul>\n<\/div>\n","protected":false},"excerpt":{"rendered":"<p>Allgemeine Regeln f\u00fcr die Teilnahme an unseren Radtouren: Anmeldung ist erw\u00fcnscht. Bitte auch die Telefonnummer angeben, damit die Teilnehmenden bei kurzfristigen \u00c4nderungen (z. B. Absage bei Regen) oder w\u00e4hrend der Tour angerufen oder mit SMS verst\u00e4ndigt werden k\u00f6nnen. Mit der<\/p>\n","protected":false},"author":63,"featured_media":0,"parent":0,"menu_order":0,"comment_status":"closed","ping_status":"closed","template":"","meta":{"footnotes":""},"class_list":["post-29860","page","type-page","status-publish","hentry"],"yoast_head":"<!-- This site is optimized with the Yoast SEO plugin v26.9 - https:\/\/yoast.com\/product\/yoast-seo-wordpress\/ -->\n<title>Teilnahmeregeln f\u00fcr Radausfl\u00fcge der Radlobby M\u00f6dling - Radlobby Nieder\u00f6sterreich<\/title>\n<meta name=\"robots\" content=\"index, follow, max-snippet:-1, max-image-preview:large, max-video-preview:-1\" \/>\n<link rel=\"canonical\" href=\"https:\/\/www.radlobby.org\/noe\/moedling-teilnahmeregeln-radausfluege\/\" \/>\n<meta property=\"og:locale\" content=\"de_DE\" \/>\n<meta property=\"og:type\" content=\"article\" \/>\n<meta property=\"og:title\" content=\"Teilnahmeregeln f\u00fcr Radausfl\u00fcge der Radlobby M\u00f6dling - Radlobby Nieder\u00f6sterreich\" \/>\n<meta property=\"og:description\" content=\"Allgemeine Regeln f\u00fcr die Teilnahme an unseren Radtouren: Anmeldung ist erw\u00fcnscht. Bitte auch die Telefonnummer angeben, damit die Teilnehmenden bei kurzfristigen \u00c4nderungen (z. B. Absage bei Regen) oder w\u00e4hrend der Tour angerufen oder mit SMS verst\u00e4ndigt werden k\u00f6nnen. Mit der\" \/>\n<meta property=\"og:url\" content=\"https:\/\/www.radlobby.org\/noe\/moedling-teilnahmeregeln-radausfluege\/\" \/>\n<meta property=\"og:site_name\" content=\"Radlobby Nieder\u00f6sterreich\" \/>\n<meta property=\"article:publisher\" content=\"https:\/\/www.facebook.com\/groups\/radfahren.in.noe\/\" \/>\n<meta property=\"article:modified_time\" content=\"2023-05-26T01:27:24+00:00\" \/>\n<meta property=\"og:image\" content=\"https:\/\/www.radlobby.org\/noe\/wp-content\/uploads\/20200101-RLWN-Neujahrsaradeln-DSC_0105a_1900px-1.jpg\" \/>\n\t<meta property=\"og:image:width\" content=\"1900\" \/>\n\t<meta property=\"og:image:height\" content=\"770\" \/>\n\t<meta property=\"og:image:type\" content=\"image\/jpeg\" \/>\n<meta name=\"twitter:card\" content=\"summary_large_image\" \/>\n<meta name=\"twitter:label1\" content=\"Gesch\u00e4tzte Lesezeit\" \/>\n\t<meta name=\"twitter:data1\" content=\"1\u00a0Minute\" \/>\n<script type=\"application\/ld+json\" class=\"yoast-schema-graph\">{\"@context\":\"https:\/\/schema.org\",\"@graph\":[{\"@type\":\"WebPage\",\"@id\":\"https:\/\/www.radlobby.org\/noe\/moedling-teilnahmeregeln-radausfluege\/\",\"url\":\"https:\/\/www.radlobby.org\/noe\/moedling-teilnahmeregeln-radausfluege\/\",\"name\":\"Teilnahmeregeln f\u00fcr Radausfl\u00fcge der Radlobby M\u00f6dling - Radlobby Nieder\u00f6sterreich\",\"isPartOf\":{\"@id\":\"https:\/\/www.radlobby.org\/noe\/#website\"},\"datePublished\":\"2023-05-26T01:17:10+00:00\",\"dateModified\":\"2023-05-26T01:27:24+00:00\",\"breadcrumb\":{\"@id\":\"https:\/\/www.radlobby.org\/noe\/moedling-teilnahmeregeln-radausfluege\/#breadcrumb\"},\"inLanguage\":\"de\",\"potentialAction\":[{\"@type\":\"ReadAction\",\"target\":[\"https:\/\/www.radlobby.org\/noe\/moedling-teilnahmeregeln-radausfluege\/\"]}]},{\"@type\":\"BreadcrumbList\",\"@id\":\"https:\/\/www.radlobby.org\/noe\/moedling-teilnahmeregeln-radausfluege\/#breadcrumb\",\"itemListElement\":[{\"@type\":\"ListItem\",\"position\":1,\"name\":\"Startseite\",\"item\":\"https:\/\/www.radlobby.org\/noe\/\"},{\"@type\":\"ListItem\",\"position\":2,\"name\":\"Teilnahmeregeln f\u00fcr Radausfl\u00fcge der Radlobby M\u00f6dling\"}]},{\"@type\":\"WebSite\",\"@id\":\"https:\/\/www.radlobby.org\/noe\/#website\",\"url\":\"https:\/\/www.radlobby.org\/noe\/\",\"name\":\"Radlobby Nieder\u00f6sterreich\",\"description\":\"Radverkehr, Fahrrad, Radfahren, Radreisen, Radtouren, Radweg\",\"publisher\":{\"@id\":\"https:\/\/www.radlobby.org\/noe\/#organization\"},\"potentialAction\":[{\"@type\":\"SearchAction\",\"target\":{\"@type\":\"EntryPoint\",\"urlTemplate\":\"https:\/\/www.radlobby.org\/noe\/?s={search_term_string}\"},\"query-input\":{\"@type\":\"PropertyValueSpecification\",\"valueRequired\":true,\"valueName\":\"search_term_string\"}}],\"inLanguage\":\"de\"},{\"@type\":\"Organization\",\"@id\":\"https:\/\/www.radlobby.org\/noe\/#organization\",\"name\":\"Radlobby Nieder\u00f6sterreich\",\"url\":\"https:\/\/www.radlobby.org\/noe\/\",\"logo\":{\"@type\":\"ImageObject\",\"inLanguage\":\"de\",\"@id\":\"https:\/\/www.radlobby.org\/noe\/#\/schema\/logo\/image\/\",\"url\":\"https:\/\/www.radlobby.org\/noe\/wp-content\/uploads\/2017\/01\/cropped-Logo_Radlobby_Niederoesterreich_50-400px_quer-1.jpg\",\"contentUrl\":\"https:\/\/www.radlobby.org\/noe\/wp-content\/uploads\/2017\/01\/cropped-Logo_Radlobby_Niederoesterreich_50-400px_quer-1.jpg\",\"width\":450,\"height\":124,\"caption\":\"Radlobby Nieder\u00f6sterreich\"},\"image\":{\"@id\":\"https:\/\/www.radlobby.org\/noe\/#\/schema\/logo\/image\/\"},\"sameAs\":[\"https:\/\/www.facebook.com\/groups\/radfahren.in.noe\/\"]}]}<\/script>\n<!-- \/ Yoast SEO plugin. -->","yoast_head_json":{"title":"Teilnahmeregeln f\u00fcr Radausfl\u00fcge der Radlobby M\u00f6dling - Radlobby Nieder\u00f6sterreich","robots":{"index":"index","follow":"follow","max-snippet":"max-snippet:-1","max-image-preview":"max-image-preview:large","max-video-preview":"max-video-preview:-1"},"canonical":"https:\/\/www.radlobby.org\/noe\/moedling-teilnahmeregeln-radausfluege\/","og_locale":"de_DE","og_type":"article","og_title":"Teilnahmeregeln f\u00fcr Radausfl\u00fcge der Radlobby M\u00f6dling - Radlobby Nieder\u00f6sterreich","og_description":"Allgemeine Regeln f\u00fcr die Teilnahme an unseren Radtouren: Anmeldung ist erw\u00fcnscht. Bitte auch die Telefonnummer angeben, damit die Teilnehmenden bei kurzfristigen \u00c4nderungen (z. B. Absage bei Regen) oder w\u00e4hrend der Tour angerufen oder mit SMS verst\u00e4ndigt werden k\u00f6nnen. Mit der","og_url":"https:\/\/www.radlobby.org\/noe\/moedling-teilnahmeregeln-radausfluege\/","og_site_name":"Radlobby Nieder\u00f6sterreich","article_publisher":"https:\/\/www.facebook.com\/groups\/radfahren.in.noe\/","article_modified_time":"2023-05-26T01:27:24+00:00","og_image":[{"width":1900,"height":770,"url":"https:\/\/www.radlobby.org\/noe\/wp-content\/uploads\/20200101-RLWN-Neujahrsaradeln-DSC_0105a_1900px-1.jpg","type":"image\/jpeg"}],"twitter_card":"summary_large_image","twitter_misc":{"Gesch\u00e4tzte Lesezeit":"1\u00a0Minute"},"schema":{"@context":"https:\/\/schema.org","@graph":[{"@type":"WebPage","@id":"https:\/\/www.radlobby.org\/noe\/moedling-teilnahmeregeln-radausfluege\/","url":"https:\/\/www.radlobby.org\/noe\/moedling-teilnahmeregeln-radausfluege\/","name":"Teilnahmeregeln f\u00fcr Radausfl\u00fcge der Radlobby M\u00f6dling - Radlobby Nieder\u00f6sterreich","isPartOf":{"@id":"https:\/\/www.radlobby.org\/noe\/#website"},"datePublished":"2023-05-26T01:17:10+00:00","dateModified":"2023-05-26T01:27:24+00:00","breadcrumb":{"@id":"https:\/\/www.radlobby.org\/noe\/moedling-teilnahmeregeln-radausfluege\/#breadcrumb"},"inLanguage":"de","potentialAction":[{"@type":"ReadAction","target":["https:\/\/www.radlobby.org\/noe\/moedling-teilnahmeregeln-radausfluege\/"]}]},{"@type":"BreadcrumbList","@id":"https:\/\/www.radlobby.org\/noe\/moedling-teilnahmeregeln-radausfluege\/#breadcrumb","itemListElement":[{"@type":"ListItem","position":1,"name":"Startseite","item":"https:\/\/www.radlobby.org\/noe\/"},{"@type":"ListItem","position":2,"name":"Teilnahmeregeln f\u00fcr Radausfl\u00fcge der Radlobby M\u00f6dling"}]},{"@type":"WebSite","@id":"https:\/\/www.radlobby.org\/noe\/#website","url":"https:\/\/www.radlobby.org\/noe\/","name":"Radlobby Nieder\u00f6sterreich","description":"Radverkehr, Fahrrad, Radfahren, Radreisen, Radtouren, Radweg","publisher":{"@id":"https:\/\/www.radlobby.org\/noe\/#organization"},"potentialAction":[{"@type":"SearchAction","target":{"@type":"EntryPoint","urlTemplate":"https:\/\/www.radlobby.org\/noe\/?s={search_term_string}"},"query-input":{"@type":"PropertyValueSpecification","valueRequired":true,"valueName":"search_term_string"}}],"inLanguage":"de"},{"@type":"Organization","@id":"https:\/\/www.radlobby.org\/noe\/#organization","name":"Radlobby Nieder\u00f6sterreich","url":"https:\/\/www.radlobby.org\/noe\/","logo":{"@type":"ImageObject","inLanguage":"de","@id":"https:\/\/www.radlobby.org\/noe\/#\/schema\/logo\/image\/","url":"https:\/\/www.radlobby.org\/noe\/wp-content\/uploads\/2017\/01\/cropped-Logo_Radlobby_Niederoesterreich_50-400px_quer-1.jpg","contentUrl":"https:\/\/www.radlobby.org\/noe\/wp-content\/uploads\/2017\/01\/cropped-Logo_Radlobby_Niederoesterreich_50-400px_quer-1.jpg","width":450,"height":124,"caption":"Radlobby Nieder\u00f6sterreich"},"image":{"@id":"https:\/\/www.radlobby.org\/noe\/#\/schema\/logo\/image\/"},"sameAs":["https:\/\/www.facebook.com\/groups\/radfahren.in.noe\/"]}]}},"_links":{"self":[{"href":"https:\/\/www.radlobby.org\/noe\/wp-json\/wp\/v2\/pages\/29860","targetHints":{"allow":["GET"]}}],"collection":[{"href":"https:\/\/www.radlobby.org\/noe\/wp-json\/wp\/v2\/pages"}],"about":[{"href":"https:\/\/www.radlobby.org\/noe\/wp-json\/wp\/v2\/types\/page"}],"author":[{"embeddable":true,"href":"https:\/\/www.radlobby.org\/noe\/wp-json\/wp\/v2\/users\/63"}],"replies":[{"embeddable":true,"href":"https:\/\/www.radlobby.org\/noe\/wp-json\/wp\/v2\/comments?post=29860"}],"version-history":[{"count":1,"href":"https:\/\/www.radlobby.org\/noe\/wp-json\/wp\/v2\/pages\/29860\/revisions"}],"predecessor-version":[{"id":29861,"href":"https:\/\/www.radlobby.org\/noe\/wp-json\/wp\/v2\/pages\/29860\/revisions\/29861"}],"wp:attachment":[{"href":"https:\/\/www.radlobby.org\/noe\/wp-json\/wp\/v2\/media?parent=29860"}],"curies":[{"name":"wp","href":"https:\/\/api.w.org\/{rel}","templated":true}]}}