{"id":27935,"date":"2023-03-07T20:13:06","date_gmt":"2023-03-07T19:13:06","guid":{"rendered":"https:\/\/www.radlobby.org\/noe\/?page_id=27935"},"modified":"2023-03-20T17:20:15","modified_gmt":"2023-03-20T16:20:15","slug":"fotos-fuer-drucksorten-und-presse","status":"publish","type":"page","link":"https:\/\/www.radlobby.org\/noe\/fotos-fuer-drucksorten-und-presse\/","title":{"rendered":"Fotos f\u00fcr Drucksorten und Presse"},"content":{"rendered":"<p>Hier stellen wir demn\u00e4chst Fotos f\u00fcr Plakate, Flyer, Folder und f\u00fcr die Pressearbeit zur Verf\u00fcgung.<br \/>\nBitte beachten Sie unbedingt die Nutzungsrechte!<br \/>\nBildquelle immer angeben. Sie kann sehr klein beim Bild oder im Impressum mitgedruckt werden.<\/p>\n<h5>Fahrradbilder k\u00f6nnen auch von Anbietern genutzt werden<\/h5>\n<p>Hier sind Gratisanbieter, bei denen \u00fcber die Suchfunktion passende Bilder gefunden werden k\u00f6nnen.<br \/>\nSuche nach &#8220;fahrrad&#8221; oder &#8220;radfahren&#8221; &#8230;<\/p>\n<ul>\n<li><a href=\"https:\/\/pixabay.com\/de\" target=\"_blank\" rel=\"noopener\">PIXABAY<\/a><\/li>\n<li><a href=\"https:\/\/commons.wikimedia.org\" target=\"_blank\" rel=\"noopener\">Wikimedia.Org<\/a><\/li>\n<li><a href=\"https:\/\/www.pd-f.de\/bilderarchiv\/pdfgallery\/?action=selection&amp;selection_id=3754&amp;pagei=1\" target=\"_blank\" rel=\"noopener\">pressedienst-fahrrad.de<\/a><\/li>\n<\/ul>\n<table>\n<tbody>\n<tr>\n<td style=\"border-color: #b8cc24; width: 100%;\"><a href=\"Fotos f\u00fcr Drucksorten und Presse\" target=\"_blank\" rel=\"noopener\"><img loading=\"lazy\" decoding=\"async\" class=\"alignnone wp-image-27936 size-medium\" src=\"https:\/\/www.radlobby.org\/noe\/wp-content\/uploads\/presserdienst-fahrrrad-logo-300x29.jpg\" alt=\"\" width=\"300\" height=\"29\" srcset=\"https:\/\/www.radlobby.org\/noe\/wp-content\/uploads\/presserdienst-fahrrrad-logo-300x29.jpg 300w, https:\/\/www.radlobby.org\/noe\/wp-content\/uploads\/presserdienst-fahrrrad-logo.jpg 394w\" sizes=\"auto, (max-width: 300px) 100vw, 300px\" \/><\/a><br \/>\nOptional k\u00f6nnen Sie das kostenlose Angebot des Pressedienst Fahrrad nutzen.<br \/>\nSie m\u00fcssen bei pd-f ein Konto anlegen und eingeloggt sein. Bitte die Nutzungsregeln beachten!<br \/>\n<a href=\"https:\/\/www.pd-f.de\/bilderarchiv\/pdfgallery\/?action=selection&amp;selection_id=3754&amp;pagei=1\" target=\"_blank\" rel=\"noopener\"><img loading=\"lazy\" decoding=\"async\" class=\"alignnone wp-image-27937 size-full\" src=\"https:\/\/www.radlobby.org\/noe\/wp-content\/uploads\/presserdienst-fahrrrad-muster01.jpg\" alt=\"\" width=\"493\" height=\"336\" srcset=\"https:\/\/www.radlobby.org\/noe\/wp-content\/uploads\/presserdienst-fahrrrad-muster01.jpg 493w, https:\/\/www.radlobby.org\/noe\/wp-content\/uploads\/presserdienst-fahrrrad-muster01-300x204.jpg 300w\" sizes=\"auto, (max-width: 493px) 100vw, 493px\" \/><\/a><\/td>\n<\/tr>\n<\/tbody>\n<\/table>\n<h5>Eigene Fotos:<\/h5>\n<p>Immer die Bildquelle angeben.<br \/>\n<strong>Personen + Personengruppen in Nahaufnahme:<\/strong> das schriftliche Einverst\u00e4ndnis f\u00fcr die Ver\u00f6ffentlichung einholen.<br \/>\n<strong>Kinder + Kindergruppen in Nahaufnahme:<\/strong> <span style=\"color: #ff0000;\">auf jeden Fall<\/span> das schriftliche Einverst\u00e4ndnis f\u00fcr die Ver\u00f6ffentlichung von den Erziehungsberechtigten (nicht von der Tante, etc) einholen.<\/p>\n<h5>Gr\u00f6\u00dfe der Fotos:<\/h5>\n<p>F\u00fcr den Druck ist die h\u00f6chste Aufl\u00f6sung meist sinnvoll!<br \/>\nHier gibt es eine gute Erkl\u00e4rung: \u203a <a href=\"https:\/\/www.druckwerkstatt.at\/post\/300-dpi-die-magische-zahl\" target=\"_blank\" rel=\"noopener\">https:\/\/www.druckwerkstatt.at\/post\/300-dpi-die-magische-zahl<\/a><\/p>\n","protected":false},"excerpt":{"rendered":"<p>Hier stellen wir demn\u00e4chst Fotos f\u00fcr Plakate, Flyer, Folder und f\u00fcr die Pressearbeit zur Verf\u00fcgung. Bitte beachten Sie unbedingt die Nutzungsrechte! Bildquelle immer angeben. Sie kann sehr klein beim Bild oder im Impressum mitgedruckt werden. Fahrradbilder k\u00f6nnen auch von Anbietern<\/p>\n","protected":false},"author":16,"featured_media":0,"parent":0,"menu_order":0,"comment_status":"closed","ping_status":"closed","template":"","meta":{"footnotes":""},"class_list":["post-27935","page","type-page","status-publish","hentry"],"yoast_head":"<!-- This site is optimized with the Yoast SEO plugin v26.9 - https:\/\/yoast.com\/product\/yoast-seo-wordpress\/ -->\n<title>Fotos f\u00fcr Drucksorten und Presse - Radlobby Nieder\u00f6sterreich<\/title>\n<meta name=\"robots\" content=\"index, follow, max-snippet:-1, max-image-preview:large, max-video-preview:-1\" \/>\n<link rel=\"canonical\" href=\"https:\/\/www.radlobby.org\/noe\/fotos-fuer-drucksorten-und-presse\/\" \/>\n<meta property=\"og:locale\" content=\"de_DE\" \/>\n<meta property=\"og:type\" content=\"article\" \/>\n<meta property=\"og:title\" content=\"Fotos f\u00fcr Drucksorten und Presse - Radlobby Nieder\u00f6sterreich\" \/>\n<meta property=\"og:description\" content=\"Hier stellen wir demn\u00e4chst Fotos f\u00fcr Plakate, Flyer, Folder und f\u00fcr die Pressearbeit zur Verf\u00fcgung. Bitte beachten Sie unbedingt die Nutzungsrechte! Bildquelle immer angeben. Sie kann sehr klein beim Bild oder im Impressum mitgedruckt werden. Fahrradbilder k\u00f6nnen auch von Anbietern\" \/>\n<meta property=\"og:url\" content=\"https:\/\/www.radlobby.org\/noe\/fotos-fuer-drucksorten-und-presse\/\" \/>\n<meta property=\"og:site_name\" content=\"Radlobby Nieder\u00f6sterreich\" \/>\n<meta property=\"article:publisher\" content=\"https:\/\/www.facebook.com\/groups\/radfahren.in.noe\/\" \/>\n<meta property=\"article:modified_time\" content=\"2023-03-20T16:20:15+00:00\" \/>\n<meta property=\"og:image\" content=\"https:\/\/www.radlobby.org\/noe\/wp-content\/uploads\/presserdienst-fahrrrad-logo-300x29.jpg\" \/>\n<meta name=\"twitter:card\" content=\"summary_large_image\" \/>\n<meta name=\"twitter:label1\" content=\"Gesch\u00e4tzte Lesezeit\" \/>\n\t<meta name=\"twitter:data1\" content=\"2\u00a0Minuten\" \/>\n<script type=\"application\/ld+json\" class=\"yoast-schema-graph\">{\"@context\":\"https:\/\/schema.org\",\"@graph\":[{\"@type\":\"WebPage\",\"@id\":\"https:\/\/www.radlobby.org\/noe\/fotos-fuer-drucksorten-und-presse\/\",\"url\":\"https:\/\/www.radlobby.org\/noe\/fotos-fuer-drucksorten-und-presse\/\",\"name\":\"Fotos f\u00fcr Drucksorten und Presse - Radlobby Nieder\u00f6sterreich\",\"isPartOf\":{\"@id\":\"https:\/\/www.radlobby.org\/noe\/#website\"},\"primaryImageOfPage\":{\"@id\":\"https:\/\/www.radlobby.org\/noe\/fotos-fuer-drucksorten-und-presse\/#primaryimage\"},\"image\":{\"@id\":\"https:\/\/www.radlobby.org\/noe\/fotos-fuer-drucksorten-und-presse\/#primaryimage\"},\"thumbnailUrl\":\"https:\/\/www.radlobby.org\/noe\/wp-content\/uploads\/presserdienst-fahrrrad-logo-300x29.jpg\",\"datePublished\":\"2023-03-07T19:13:06+00:00\",\"dateModified\":\"2023-03-20T16:20:15+00:00\",\"breadcrumb\":{\"@id\":\"https:\/\/www.radlobby.org\/noe\/fotos-fuer-drucksorten-und-presse\/#breadcrumb\"},\"inLanguage\":\"de\",\"potentialAction\":[{\"@type\":\"ReadAction\",\"target\":[\"https:\/\/www.radlobby.org\/noe\/fotos-fuer-drucksorten-und-presse\/\"]}]},{\"@type\":\"ImageObject\",\"inLanguage\":\"de\",\"@id\":\"https:\/\/www.radlobby.org\/noe\/fotos-fuer-drucksorten-und-presse\/#primaryimage\",\"url\":\"https:\/\/www.radlobby.org\/noe\/wp-content\/uploads\/presserdienst-fahrrrad-logo.jpg\",\"contentUrl\":\"https:\/\/www.radlobby.org\/noe\/wp-content\/uploads\/presserdienst-fahrrrad-logo.jpg\",\"width\":394,\"height\":38},{\"@type\":\"BreadcrumbList\",\"@id\":\"https:\/\/www.radlobby.org\/noe\/fotos-fuer-drucksorten-und-presse\/#breadcrumb\",\"itemListElement\":[{\"@type\":\"ListItem\",\"position\":1,\"name\":\"Startseite\",\"item\":\"https:\/\/www.radlobby.org\/noe\/\"},{\"@type\":\"ListItem\",\"position\":2,\"name\":\"Fotos f\u00fcr Drucksorten und Presse\"}]},{\"@type\":\"WebSite\",\"@id\":\"https:\/\/www.radlobby.org\/noe\/#website\",\"url\":\"https:\/\/www.radlobby.org\/noe\/\",\"name\":\"Radlobby Nieder\u00f6sterreich\",\"description\":\"Radverkehr, Fahrrad, Radfahren, Radreisen, Radtouren, Radweg\",\"publisher\":{\"@id\":\"https:\/\/www.radlobby.org\/noe\/#organization\"},\"potentialAction\":[{\"@type\":\"SearchAction\",\"target\":{\"@type\":\"EntryPoint\",\"urlTemplate\":\"https:\/\/www.radlobby.org\/noe\/?s={search_term_string}\"},\"query-input\":{\"@type\":\"PropertyValueSpecification\",\"valueRequired\":true,\"valueName\":\"search_term_string\"}}],\"inLanguage\":\"de\"},{\"@type\":\"Organization\",\"@id\":\"https:\/\/www.radlobby.org\/noe\/#organization\",\"name\":\"Radlobby Nieder\u00f6sterreich\",\"url\":\"https:\/\/www.radlobby.org\/noe\/\",\"logo\":{\"@type\":\"ImageObject\",\"inLanguage\":\"de\",\"@id\":\"https:\/\/www.radlobby.org\/noe\/#\/schema\/logo\/image\/\",\"url\":\"https:\/\/www.radlobby.org\/noe\/wp-content\/uploads\/2017\/01\/cropped-Logo_Radlobby_Niederoesterreich_50-400px_quer-1.jpg\",\"contentUrl\":\"https:\/\/www.radlobby.org\/noe\/wp-content\/uploads\/2017\/01\/cropped-Logo_Radlobby_Niederoesterreich_50-400px_quer-1.jpg\",\"width\":450,\"height\":124,\"caption\":\"Radlobby Nieder\u00f6sterreich\"},\"image\":{\"@id\":\"https:\/\/www.radlobby.org\/noe\/#\/schema\/logo\/image\/\"},\"sameAs\":[\"https:\/\/www.facebook.com\/groups\/radfahren.in.noe\/\"]}]}<\/script>\n<!-- \/ Yoast SEO plugin. -->","yoast_head_json":{"title":"Fotos f\u00fcr Drucksorten und Presse - Radlobby Nieder\u00f6sterreich","robots":{"index":"index","follow":"follow","max-snippet":"max-snippet:-1","max-image-preview":"max-image-preview:large","max-video-preview":"max-video-preview:-1"},"canonical":"https:\/\/www.radlobby.org\/noe\/fotos-fuer-drucksorten-und-presse\/","og_locale":"de_DE","og_type":"article","og_title":"Fotos f\u00fcr Drucksorten und Presse - Radlobby Nieder\u00f6sterreich","og_description":"Hier stellen wir demn\u00e4chst Fotos f\u00fcr Plakate, Flyer, Folder und f\u00fcr die Pressearbeit zur Verf\u00fcgung. Bitte beachten Sie unbedingt die Nutzungsrechte! Bildquelle immer angeben. Sie kann sehr klein beim Bild oder im Impressum mitgedruckt werden. Fahrradbilder k\u00f6nnen auch von Anbietern","og_url":"https:\/\/www.radlobby.org\/noe\/fotos-fuer-drucksorten-und-presse\/","og_site_name":"Radlobby Nieder\u00f6sterreich","article_publisher":"https:\/\/www.facebook.com\/groups\/radfahren.in.noe\/","article_modified_time":"2023-03-20T16:20:15+00:00","og_image":[{"url":"https:\/\/www.radlobby.org\/noe\/wp-content\/uploads\/presserdienst-fahrrrad-logo-300x29.jpg","type":"","width":"","height":""}],"twitter_card":"summary_large_image","twitter_misc":{"Gesch\u00e4tzte Lesezeit":"2\u00a0Minuten"},"schema":{"@context":"https:\/\/schema.org","@graph":[{"@type":"WebPage","@id":"https:\/\/www.radlobby.org\/noe\/fotos-fuer-drucksorten-und-presse\/","url":"https:\/\/www.radlobby.org\/noe\/fotos-fuer-drucksorten-und-presse\/","name":"Fotos f\u00fcr Drucksorten und Presse - Radlobby Nieder\u00f6sterreich","isPartOf":{"@id":"https:\/\/www.radlobby.org\/noe\/#website"},"primaryImageOfPage":{"@id":"https:\/\/www.radlobby.org\/noe\/fotos-fuer-drucksorten-und-presse\/#primaryimage"},"image":{"@id":"https:\/\/www.radlobby.org\/noe\/fotos-fuer-drucksorten-und-presse\/#primaryimage"},"thumbnailUrl":"https:\/\/www.radlobby.org\/noe\/wp-content\/uploads\/presserdienst-fahrrrad-logo-300x29.jpg","datePublished":"2023-03-07T19:13:06+00:00","dateModified":"2023-03-20T16:20:15+00:00","breadcrumb":{"@id":"https:\/\/www.radlobby.org\/noe\/fotos-fuer-drucksorten-und-presse\/#breadcrumb"},"inLanguage":"de","potentialAction":[{"@type":"ReadAction","target":["https:\/\/www.radlobby.org\/noe\/fotos-fuer-drucksorten-und-presse\/"]}]},{"@type":"ImageObject","inLanguage":"de","@id":"https:\/\/www.radlobby.org\/noe\/fotos-fuer-drucksorten-und-presse\/#primaryimage","url":"https:\/\/www.radlobby.org\/noe\/wp-content\/uploads\/presserdienst-fahrrrad-logo.jpg","contentUrl":"https:\/\/www.radlobby.org\/noe\/wp-content\/uploads\/presserdienst-fahrrrad-logo.jpg","width":394,"height":38},{"@type":"BreadcrumbList","@id":"https:\/\/www.radlobby.org\/noe\/fotos-fuer-drucksorten-und-presse\/#breadcrumb","itemListElement":[{"@type":"ListItem","position":1,"name":"Startseite","item":"https:\/\/www.radlobby.org\/noe\/"},{"@type":"ListItem","position":2,"name":"Fotos f\u00fcr Drucksorten und Presse"}]},{"@type":"WebSite","@id":"https:\/\/www.radlobby.org\/noe\/#website","url":"https:\/\/www.radlobby.org\/noe\/","name":"Radlobby Nieder\u00f6sterreich","description":"Radverkehr, Fahrrad, Radfahren, Radreisen, Radtouren, Radweg","publisher":{"@id":"https:\/\/www.radlobby.org\/noe\/#organization"},"potentialAction":[{"@type":"SearchAction","target":{"@type":"EntryPoint","urlTemplate":"https:\/\/www.radlobby.org\/noe\/?s={search_term_string}"},"query-input":{"@type":"PropertyValueSpecification","valueRequired":true,"valueName":"search_term_string"}}],"inLanguage":"de"},{"@type":"Organization","@id":"https:\/\/www.radlobby.org\/noe\/#organization","name":"Radlobby Nieder\u00f6sterreich","url":"https:\/\/www.radlobby.org\/noe\/","logo":{"@type":"ImageObject","inLanguage":"de","@id":"https:\/\/www.radlobby.org\/noe\/#\/schema\/logo\/image\/","url":"https:\/\/www.radlobby.org\/noe\/wp-content\/uploads\/2017\/01\/cropped-Logo_Radlobby_Niederoesterreich_50-400px_quer-1.jpg","contentUrl":"https:\/\/www.radlobby.org\/noe\/wp-content\/uploads\/2017\/01\/cropped-Logo_Radlobby_Niederoesterreich_50-400px_quer-1.jpg","width":450,"height":124,"caption":"Radlobby Nieder\u00f6sterreich"},"image":{"@id":"https:\/\/www.radlobby.org\/noe\/#\/schema\/logo\/image\/"},"sameAs":["https:\/\/www.facebook.com\/groups\/radfahren.in.noe\/"]}]}},"_links":{"self":[{"href":"https:\/\/www.radlobby.org\/noe\/wp-json\/wp\/v2\/pages\/27935","targetHints":{"allow":["GET"]}}],"collection":[{"href":"https:\/\/www.radlobby.org\/noe\/wp-json\/wp\/v2\/pages"}],"about":[{"href":"https:\/\/www.radlobby.org\/noe\/wp-json\/wp\/v2\/types\/page"}],"author":[{"embeddable":true,"href":"https:\/\/www.radlobby.org\/noe\/wp-json\/wp\/v2\/users\/16"}],"replies":[{"embeddable":true,"href":"https:\/\/www.radlobby.org\/noe\/wp-json\/wp\/v2\/comments?post=27935"}],"version-history":[{"count":10,"href":"https:\/\/www.radlobby.org\/noe\/wp-json\/wp\/v2\/pages\/27935\/revisions"}],"predecessor-version":[{"id":28071,"href":"https:\/\/www.radlobby.org\/noe\/wp-json\/wp\/v2\/pages\/27935\/revisions\/28071"}],"wp:attachment":[{"href":"https:\/\/www.radlobby.org\/noe\/wp-json\/wp\/v2\/media?parent=27935"}],"curies":[{"name":"wp","href":"https:\/\/api.w.org\/{rel}","templated":true}]}}