{"id":20212,"date":"2021-10-07T10:00:49","date_gmt":"2021-10-07T08:00:49","guid":{"rendered":"https:\/\/www.radlobby.org\/noe\/?page_id=20212"},"modified":"2025-10-17T09:30:47","modified_gmt":"2025-10-17T07:30:47","slug":"traismauer-team","status":"publish","type":"page","link":"https:\/\/www.radlobby.org\/noe\/traismauer-team\/","title":{"rendered":"Radlobby Traismauer &#8211; Team"},"content":{"rendered":"<h2>Willkommen bei der Radlobby Traismauer<\/h2>\n<p>Wir sind<\/p>\n<ul>\n<li>eine im Sommer 2021 gegr\u00fcndete Gruppe der \u201eRadlobby Nieder\u00f6sterreich\u201c<\/li>\n<li>strikt \u00fcberparteilich organisiert<\/li>\n<li>im Wachsen<\/li>\n<li>f\u00fcr jede Unterst\u00fctzung dankbar<\/li>\n<\/ul>\n<p>Wir wollen<\/p>\n<ul>\n<li>das Radfahren im Gemeindegebiet Traismauer f\u00f6rdern<\/li>\n<li>Problemstellen des \u00f6rtlichen Radverkehrs entsch\u00e4rfen<\/li>\n<li>den Anteil des Radverkehrs gegen\u00fcber dem PKW erh\u00f6hen<\/li>\n<li>einen Beitrag zum Umwelt- und Klimaschutz leisten<\/li>\n<\/ul>\n<p>Falls Sie\u00a0Anregungen im Zusammenhang mit dem Radverkehr haben, wenden Sie sich bitte an <a href=\"mailto:traismauer@radlobby.at\">traismauer@radlobby.at<\/a> oder direkt an ein Mitglied des Kernteams.\u00a0Gruppenverantwortlicher ist Ernst Reischauer &#8211; <a href=\"mailto:ernst.reischauer@radlobby.at\">ernst.reischauer@radlobby.at<\/a><\/p>\n<h2>Radlobby Team Traismauer<\/h2>\n<figure id=\"attachment_40457\" aria-describedby=\"caption-attachment-40457\" style=\"width: 1000px\" class=\"wp-caption aligncenter\"><img loading=\"lazy\" decoding=\"async\" class=\"wp-image-40457\" src=\"https:\/\/www.radlobby.org\/noe\/wp-content\/uploads\/RL-Traismauer_komp-scaled.jpg\" alt=\"\" width=\"1000\" height=\"665\" srcset=\"https:\/\/www.radlobby.org\/noe\/wp-content\/uploads\/RL-Traismauer_komp-scaled.jpg 2560w, https:\/\/www.radlobby.org\/noe\/wp-content\/uploads\/RL-Traismauer_komp-300x200.jpg 300w, https:\/\/www.radlobby.org\/noe\/wp-content\/uploads\/RL-Traismauer_komp-768x511.jpg 768w\" sizes=\"auto, (max-width: 1000px) 100vw, 1000px\" \/><figcaption id=\"caption-attachment-40457\" class=\"wp-caption-text\"><strong>Mitglieder Radlobby \u00a0Traismauer<\/strong>, Oktober 2025, Stammgasthaus Foretnik (v.l.n.r.: Alfred, Gerti, Magda, Ernst, Arthur, Philipp, G\u00fcnther, Alexander &amp; Aneta)<\/figcaption><\/figure>\n<p>&nbsp;<\/p>\n<figure id=\"attachment_30515\" aria-describedby=\"caption-attachment-30515\" style=\"width: 333px\" class=\"wp-caption alignnone\"><img loading=\"lazy\" decoding=\"async\" class=\"wp-image-30515\" src=\"https:\/\/www.radlobby.org\/noe\/wp-content\/uploads\/2021-08_Ernst-Reischauer_HPjpg-scaled.jpg\" alt=\"\" width=\"333\" height=\"500\" srcset=\"https:\/\/www.radlobby.org\/noe\/wp-content\/uploads\/2021-08_Ernst-Reischauer_HPjpg-scaled.jpg 1706w, https:\/\/www.radlobby.org\/noe\/wp-content\/uploads\/2021-08_Ernst-Reischauer_HPjpg-200x300.jpg 200w, https:\/\/www.radlobby.org\/noe\/wp-content\/uploads\/2021-08_Ernst-Reischauer_HPjpg-768x1152.jpg 768w, https:\/\/www.radlobby.org\/noe\/wp-content\/uploads\/2021-08_Ernst-Reischauer_HPjpg-1024x1536.jpg 1024w, https:\/\/www.radlobby.org\/noe\/wp-content\/uploads\/2021-08_Ernst-Reischauer_HPjpg-1365x2048.jpg 1365w\" sizes=\"auto, (max-width: 333px) 100vw, 333px\" \/><figcaption id=\"caption-attachment-30515\" class=\"wp-caption-text\"><strong>Ernst Reischauer<\/strong> : \u00a0 \u00a0 \u00a0 \u00a0 \u00a0 \u00a0 \u00a0 \u00a0 \u00a0 \u00a0 \u00a0 \u00a0 \u00a0 \u00a0 \u00a0 \u00a0 \u00a0 \u00a0 \u00a0 \u00a0 \u00a0 \u00a0 \u00a0 \u00a0 \u00a0 \u00a0 \u00a0 \u00a0 \u00a0 \u201eEs gibt kein besseres Verkehrsmittel im t\u00e4glichen Nahverkehr bzw. eine Gegend zu erkunden als das energieunabh\u00e4ngige Fahrrad.\u201c<\/figcaption><\/figure>\n<p>&nbsp;<\/p>\n<p>&nbsp;<\/p>\n<figure id=\"attachment_20661\" aria-describedby=\"caption-attachment-20661\" style=\"width: 333px\" class=\"wp-caption aligncenter\"><img loading=\"lazy\" decoding=\"async\" class=\"wp-image-20661\" src=\"https:\/\/www.radlobby.org\/noe\/wp-content\/uploads\/Alfred-Leithner_komp.jpg\" alt=\"\" width=\"333\" height=\"500\" srcset=\"https:\/\/www.radlobby.org\/noe\/wp-content\/uploads\/Alfred-Leithner_komp.jpg 798w, https:\/\/www.radlobby.org\/noe\/wp-content\/uploads\/Alfred-Leithner_komp-200x300.jpg 200w, https:\/\/www.radlobby.org\/noe\/wp-content\/uploads\/Alfred-Leithner_komp-768x1155.jpg 768w\" sizes=\"auto, (max-width: 333px) 100vw, 333px\" \/><figcaption id=\"caption-attachment-20661\" class=\"wp-caption-text\"><strong>Alfred Leithner: \u00a0 \u00a0 \u00a0 \u00a0 \u00a0 \u00a0 \u00a0 \u00a0 \u00a0 \u00a0 \u00a0 \u00a0 \u00a0 \u00a0 \u00a0 \u00a0 \u00a0 \u00a0 \u00a0 \u00a0 \u00a0 \u00a0 \u00a0 \u00a0 \u00a0 \u00a0 \u00a0<\/strong>\u201eSeit vielen Jahren bin ich ein begeisteter Radfahrer, sportlich in Urlaub und Freizeit, aber auch mit meinen Enkeln mit Kinderrad oder Radanh\u00e4nger unterwegs. Ich erledige die t\u00e4glichen Wege im Nahbereich mit dem Fahrrad. Mein Anliegen sind logisch kurze Radwege aus den umliegenden Ortsteilen ins Zentrum. Schule, Bahnhof, Gesch\u00e4fte etc. sollten mit dem Fahrrad attraktiv und sicher erreichbar sein.\u201c<\/figcaption><\/figure>\n<figure id=\"attachment_30517\" aria-describedby=\"caption-attachment-30517\" style=\"width: 333px\" class=\"wp-caption alignnone\"><img loading=\"lazy\" decoding=\"async\" class=\"wp-image-30517\" src=\"https:\/\/www.radlobby.org\/noe\/wp-content\/uploads\/Portrait-Magda_HP-1-scaled.jpg\" alt=\"\" width=\"333\" height=\"500\" srcset=\"https:\/\/www.radlobby.org\/noe\/wp-content\/uploads\/Portrait-Magda_HP-1-scaled.jpg 1703w, https:\/\/www.radlobby.org\/noe\/wp-content\/uploads\/Portrait-Magda_HP-1-200x300.jpg 200w, https:\/\/www.radlobby.org\/noe\/wp-content\/uploads\/Portrait-Magda_HP-1-768x1154.jpg 768w, https:\/\/www.radlobby.org\/noe\/wp-content\/uploads\/Portrait-Magda_HP-1-1022x1536.jpg 1022w, https:\/\/www.radlobby.org\/noe\/wp-content\/uploads\/Portrait-Magda_HP-1-1362x2048.jpg 1362w\" sizes=\"auto, (max-width: 333px) 100vw, 333px\" \/><figcaption id=\"caption-attachment-30517\" class=\"wp-caption-text\"><strong>Magda Reischauer<\/strong>: \u00a0 \u00a0 \u00a0 \u00a0 \u00a0 \u00a0 \u00a0 \u00a0 \u00a0 \u00a0 \u00a0 \u00a0 \u00a0 \u00a0 \u00a0 \u00a0 \u00a0 \u00a0 \u00a0\u201eRadfahren ist f\u00fcr mich die eleganteste Art der Fortbewegung&#8221;<\/figcaption><\/figure>\n<p>&nbsp;<\/p>\n<p>&nbsp;<\/p>\n<figure id=\"attachment_30514\" aria-describedby=\"caption-attachment-30514\" style=\"width: 333px\" class=\"wp-caption aligncenter\"><img loading=\"lazy\" decoding=\"async\" class=\"wp-image-30514\" src=\"https:\/\/www.radlobby.org\/noe\/wp-content\/uploads\/2023-03-08_31_Gerti-Leithner_HP-scaled.jpg\" alt=\"Gerti Leithner\" width=\"333\" height=\"500\" srcset=\"https:\/\/www.radlobby.org\/noe\/wp-content\/uploads\/2023-03-08_31_Gerti-Leithner_HP-scaled.jpg 1704w, https:\/\/www.radlobby.org\/noe\/wp-content\/uploads\/2023-03-08_31_Gerti-Leithner_HP-200x300.jpg 200w, https:\/\/www.radlobby.org\/noe\/wp-content\/uploads\/2023-03-08_31_Gerti-Leithner_HP-768x1154.jpg 768w, https:\/\/www.radlobby.org\/noe\/wp-content\/uploads\/2023-03-08_31_Gerti-Leithner_HP-1022x1536.jpg 1022w, https:\/\/www.radlobby.org\/noe\/wp-content\/uploads\/2023-03-08_31_Gerti-Leithner_HP-1363x2048.jpg 1363w\" sizes=\"auto, (max-width: 333px) 100vw, 333px\" \/><figcaption id=\"caption-attachment-30514\" class=\"wp-caption-text\"><strong>Gerti Leithner:\u00a0<\/strong>\u00a0 \u00a0 \u00a0 \u00a0 \u00a0 \u00a0 \u00a0 \u00a0 \u00a0 \u00a0 \u00a0 \u00a0 \u00a0 \u00a0 \u00a0 \u00a0 \u00a0 \u00a0 \u00a0 \u00a0 \u00a0 \u00a0 \u00a0 &#8220;Radfahren ist einfach sch\u00f6n. Man kann die Umgebung genie\u00dfen, kommt leichter ins Gespr\u00e4ch und tut sowohl der eigenen Gesundheit als auch der Umwelt was Gutes.\u201c<\/figcaption><\/figure>\n<p>&nbsp;<\/p>\n<figure id=\"attachment_30510\" aria-describedby=\"caption-attachment-30510\" style=\"width: 307px\" class=\"wp-caption alignnone\"><img loading=\"lazy\" decoding=\"async\" class=\"wp-image-30510\" src=\"https:\/\/www.radlobby.org\/noe\/wp-content\/uploads\/10x15_1x_Aneta-1-scaled.jpg\" alt=\"\" width=\"307\" height=\"461\" srcset=\"https:\/\/www.radlobby.org\/noe\/wp-content\/uploads\/10x15_1x_Aneta-1-scaled.jpg 1703w, https:\/\/www.radlobby.org\/noe\/wp-content\/uploads\/10x15_1x_Aneta-1-200x300.jpg 200w, https:\/\/www.radlobby.org\/noe\/wp-content\/uploads\/10x15_1x_Aneta-1-768x1154.jpg 768w, https:\/\/www.radlobby.org\/noe\/wp-content\/uploads\/10x15_1x_Aneta-1-1022x1536.jpg 1022w, https:\/\/www.radlobby.org\/noe\/wp-content\/uploads\/10x15_1x_Aneta-1-1362x2048.jpg 1362w\" sizes=\"auto, (max-width: 307px) 100vw, 307px\" \/><figcaption id=\"caption-attachment-30510\" class=\"wp-caption-text\"><strong>Aneta Bronowicka-Schlechter<\/strong>: \u00a0 \u00a0 \u00a0 \u00a0 \u00a0 \u00a0 \u00a0 \u00a0 \u00a0 \u00a0 \u00a0 \u00a0 \u00a0\u201eDas Leben ist wie Fahrrad fahren, um die Balance zu halten, musst du in Bewegung bleiben\u201c \u2013 Das ber\u00fchmte Zitat von Einstein k\u00f6nnte f\u00fcr mich nicht treffender sein. Das Fahrrad ist seit Jahren ein fester Bestandteil meines Lebens. Ob zum Einkaufen, als ideales Vehikel zur Arbeit oder in der Freizeit, f\u00fcr mich ist es das perfekte, freiheitspendende Verkehrsmittel!<\/figcaption><\/figure>\n<p>&nbsp;<\/p>\n<figure id=\"attachment_30841\" aria-describedby=\"caption-attachment-30841\" style=\"width: 306px\" class=\"wp-caption aligncenter\"><img loading=\"lazy\" decoding=\"async\" class=\"wp-image-30841\" src=\"https:\/\/www.radlobby.org\/noe\/wp-content\/uploads\/2023-08-31_Phillip-Pokorny_komp.-1-200x300.jpg\" alt=\"\" width=\"306\" height=\"460\" srcset=\"https:\/\/www.radlobby.org\/noe\/wp-content\/uploads\/2023-08-31_Phillip-Pokorny_komp.-1-200x300.jpg 200w, https:\/\/www.radlobby.org\/noe\/wp-content\/uploads\/2023-08-31_Phillip-Pokorny_komp.-1-768x1154.jpg 768w, https:\/\/www.radlobby.org\/noe\/wp-content\/uploads\/2023-08-31_Phillip-Pokorny_komp.-1-1022x1536.jpg 1022w, https:\/\/www.radlobby.org\/noe\/wp-content\/uploads\/2023-08-31_Phillip-Pokorny_komp.-1-1363x2048.jpg 1363w, https:\/\/www.radlobby.org\/noe\/wp-content\/uploads\/2023-08-31_Phillip-Pokorny_komp.-1-scaled.jpg 1703w\" sizes=\"auto, (max-width: 306px) 100vw, 306px\" \/><figcaption id=\"caption-attachment-30841\" class=\"wp-caption-text\"><strong>Philipp Pokorny:<\/strong> \u201eIch liebe am Radfahren, dass man sich k\u00f6rperlich fit h\u00e4lt und dabei noch das Auto mit Kurzstrecken verschont und Sprit spart.\u201c<\/figcaption><\/figure>\n<figure id=\"attachment_31599\" aria-describedby=\"caption-attachment-31599\" style=\"width: 333px\" class=\"wp-caption alignnone\"><img loading=\"lazy\" decoding=\"async\" class=\"wp-image-31599\" src=\"https:\/\/www.radlobby.org\/noe\/wp-content\/uploads\/2023-09-26_Guenther-Blauensteiner-3-scaled.jpg\" alt=\"\" width=\"333\" height=\"500\" srcset=\"https:\/\/www.radlobby.org\/noe\/wp-content\/uploads\/2023-09-26_Guenther-Blauensteiner-3-scaled.jpg 1707w, https:\/\/www.radlobby.org\/noe\/wp-content\/uploads\/2023-09-26_Guenther-Blauensteiner-3-200x300.jpg 200w, https:\/\/www.radlobby.org\/noe\/wp-content\/uploads\/2023-09-26_Guenther-Blauensteiner-3-768x1152.jpg 768w, https:\/\/www.radlobby.org\/noe\/wp-content\/uploads\/2023-09-26_Guenther-Blauensteiner-3-1024x1536.jpg 1024w, https:\/\/www.radlobby.org\/noe\/wp-content\/uploads\/2023-09-26_Guenther-Blauensteiner-3-1365x2048.jpg 1365w\" sizes=\"auto, (max-width: 333px) 100vw, 333px\" \/><figcaption id=\"caption-attachment-31599\" class=\"wp-caption-text\"><strong>G\u00fcnther Blauensteiner:\u00a0<\/strong>\u201eIch fahre gerne mit den Rad, weil ich bei kurzen Strecken fast gleich schnell bin als mit dem Auto und bei l\u00e4ngeren Strecken sch\u00f6ne Pl\u00e4tze finde, die man sonst nicht sieht.\u201c<\/figcaption><\/figure>\n<figure id=\"attachment_33790\" aria-describedby=\"caption-attachment-33790\" style=\"width: 369px\" class=\"wp-caption aligncenter\"><img loading=\"lazy\" decoding=\"async\" class=\"wp-image-33790\" src=\"https:\/\/www.radlobby.org\/noe\/wp-content\/uploads\/Simader_2024-01-31_3945-scaled-e1707991588819-221x300.jpg\" alt=\"\" width=\"369\" height=\"500\" srcset=\"https:\/\/www.radlobby.org\/noe\/wp-content\/uploads\/Simader_2024-01-31_3945-scaled-e1707991588819-221x300.jpg 221w, https:\/\/www.radlobby.org\/noe\/wp-content\/uploads\/Simader_2024-01-31_3945-scaled-e1707991588819-768x1041.jpg 768w, https:\/\/www.radlobby.org\/noe\/wp-content\/uploads\/Simader_2024-01-31_3945-scaled-e1707991588819-1133x1536.jpg 1133w, https:\/\/www.radlobby.org\/noe\/wp-content\/uploads\/Simader_2024-01-31_3945-scaled-e1707991588819.jpg 1416w\" sizes=\"auto, (max-width: 369px) 100vw, 369px\" \/><figcaption id=\"caption-attachment-33790\" class=\"wp-caption-text\"><strong>Alexander Simader<\/strong>: &#8220;Ich bewege mich gerne. Wenn nicht zu Fu\u00df, dann mit dem Rad&#8221;<\/figcaption><\/figure>\n<figure id=\"attachment_40459\" aria-describedby=\"caption-attachment-40459\" style=\"width: 375px\" class=\"wp-caption alignleft\"><img loading=\"lazy\" decoding=\"async\" class=\"wp-image-40459\" src=\"https:\/\/www.radlobby.org\/noe\/wp-content\/uploads\/Azinger_Traismauer-scaled.jpeg\" alt=\"\" width=\"375\" height=\"500\" srcset=\"https:\/\/www.radlobby.org\/noe\/wp-content\/uploads\/Azinger_Traismauer-scaled.jpeg 1920w, https:\/\/www.radlobby.org\/noe\/wp-content\/uploads\/Azinger_Traismauer-225x300.jpeg 225w, https:\/\/www.radlobby.org\/noe\/wp-content\/uploads\/Azinger_Traismauer-768x1024.jpeg 768w, https:\/\/www.radlobby.org\/noe\/wp-content\/uploads\/Azinger_Traismauer-1152x1536.jpeg 1152w, https:\/\/www.radlobby.org\/noe\/wp-content\/uploads\/Azinger_Traismauer-1536x2048.jpeg 1536w\" sizes=\"auto, (max-width: 375px) 100vw, 375px\" \/><figcaption id=\"caption-attachment-40459\" class=\"wp-caption-text\"><strong>Arthur Azinger:<\/strong>\u201eAls begeisterter e Bike Fahrer bin ich in Nieder\u00f6sterreich und dem angrenzenden Ausland unterwegs.\u201c<\/figcaption><\/figure>\n<p>&nbsp;<\/p>\n","protected":false},"excerpt":{"rendered":"<p>Willkommen bei der Radlobby Traismauer Wir sind eine im Sommer 2021 gegr\u00fcndete Gruppe der \u201eRadlobby Nieder\u00f6sterreich\u201c strikt \u00fcberparteilich organisiert im Wachsen f\u00fcr jede Unterst\u00fctzung dankbar Wir wollen das Radfahren im Gemeindegebiet Traismauer f\u00f6rdern Problemstellen des \u00f6rtlichen Radverkehrs entsch\u00e4rfen den Anteil<\/p>\n","protected":false},"author":16,"featured_media":40457,"parent":0,"menu_order":0,"comment_status":"closed","ping_status":"closed","template":"","meta":{"footnotes":""},"class_list":["post-20212","page","type-page","status-publish","has-post-thumbnail","hentry"],"yoast_head":"<!-- This site is optimized with the Yoast SEO plugin v26.9 - https:\/\/yoast.com\/product\/yoast-seo-wordpress\/ -->\n<title>Radlobby Traismauer - Team - Radlobby Nieder\u00f6sterreich<\/title>\n<meta name=\"description\" content=\"Traismauer Radlobby Kernteam\" \/>\n<meta name=\"robots\" content=\"index, follow, max-snippet:-1, max-image-preview:large, max-video-preview:-1\" \/>\n<link rel=\"canonical\" href=\"https:\/\/www.radlobby.org\/noe\/traismauer-team\/\" \/>\n<meta property=\"og:locale\" content=\"de_DE\" \/>\n<meta property=\"og:type\" content=\"article\" \/>\n<meta property=\"og:title\" content=\"Radlobby Traismauer - Team - Radlobby Nieder\u00f6sterreich\" \/>\n<meta property=\"og:description\" content=\"Traismauer Radlobby Kernteam\" \/>\n<meta property=\"og:url\" content=\"https:\/\/www.radlobby.org\/noe\/traismauer-team\/\" \/>\n<meta property=\"og:site_name\" content=\"Radlobby Nieder\u00f6sterreich\" \/>\n<meta property=\"article:publisher\" content=\"https:\/\/www.facebook.com\/groups\/radfahren.in.noe\/\" \/>\n<meta property=\"article:modified_time\" content=\"2025-10-17T07:30:47+00:00\" \/>\n<meta property=\"og:image\" content=\"https:\/\/www.radlobby.org\/noe\/wp-content\/uploads\/RL-Traismauer_komp-scaled.jpg\" \/>\n\t<meta property=\"og:image:width\" content=\"2560\" \/>\n\t<meta property=\"og:image:height\" content=\"1703\" \/>\n\t<meta property=\"og:image:type\" content=\"image\/jpeg\" \/>\n<meta name=\"twitter:card\" content=\"summary_large_image\" \/>\n<meta name=\"twitter:label1\" content=\"Gesch\u00e4tzte Lesezeit\" \/>\n\t<meta name=\"twitter:data1\" content=\"5\u00a0Minuten\" \/>\n<script type=\"application\/ld+json\" class=\"yoast-schema-graph\">{\"@context\":\"https:\/\/schema.org\",\"@graph\":[{\"@type\":\"WebPage\",\"@id\":\"https:\/\/www.radlobby.org\/noe\/traismauer-team\/\",\"url\":\"https:\/\/www.radlobby.org\/noe\/traismauer-team\/\",\"name\":\"Radlobby Traismauer - Team - Radlobby Nieder\u00f6sterreich\",\"isPartOf\":{\"@id\":\"https:\/\/www.radlobby.org\/noe\/#website\"},\"primaryImageOfPage\":{\"@id\":\"https:\/\/www.radlobby.org\/noe\/traismauer-team\/#primaryimage\"},\"image\":{\"@id\":\"https:\/\/www.radlobby.org\/noe\/traismauer-team\/#primaryimage\"},\"thumbnailUrl\":\"https:\/\/www.radlobby.org\/noe\/wp-content\/uploads\/RL-Traismauer_komp-scaled.jpg\",\"datePublished\":\"2021-10-07T08:00:49+00:00\",\"dateModified\":\"2025-10-17T07:30:47+00:00\",\"description\":\"Traismauer Radlobby Kernteam\",\"breadcrumb\":{\"@id\":\"https:\/\/www.radlobby.org\/noe\/traismauer-team\/#breadcrumb\"},\"inLanguage\":\"de\",\"potentialAction\":[{\"@type\":\"ReadAction\",\"target\":[\"https:\/\/www.radlobby.org\/noe\/traismauer-team\/\"]}]},{\"@type\":\"ImageObject\",\"inLanguage\":\"de\",\"@id\":\"https:\/\/www.radlobby.org\/noe\/traismauer-team\/#primaryimage\",\"url\":\"https:\/\/www.radlobby.org\/noe\/wp-content\/uploads\/RL-Traismauer_komp-scaled.jpg\",\"contentUrl\":\"https:\/\/www.radlobby.org\/noe\/wp-content\/uploads\/RL-Traismauer_komp-scaled.jpg\",\"width\":2560,\"height\":1703},{\"@type\":\"BreadcrumbList\",\"@id\":\"https:\/\/www.radlobby.org\/noe\/traismauer-team\/#breadcrumb\",\"itemListElement\":[{\"@type\":\"ListItem\",\"position\":1,\"name\":\"Startseite\",\"item\":\"https:\/\/www.radlobby.org\/noe\/\"},{\"@type\":\"ListItem\",\"position\":2,\"name\":\"Radlobby Traismauer &#8211; Team\"}]},{\"@type\":\"WebSite\",\"@id\":\"https:\/\/www.radlobby.org\/noe\/#website\",\"url\":\"https:\/\/www.radlobby.org\/noe\/\",\"name\":\"Radlobby Nieder\u00f6sterreich\",\"description\":\"Radverkehr, Fahrrad, Radfahren, Radreisen, Radtouren, Radweg\",\"publisher\":{\"@id\":\"https:\/\/www.radlobby.org\/noe\/#organization\"},\"potentialAction\":[{\"@type\":\"SearchAction\",\"target\":{\"@type\":\"EntryPoint\",\"urlTemplate\":\"https:\/\/www.radlobby.org\/noe\/?s={search_term_string}\"},\"query-input\":{\"@type\":\"PropertyValueSpecification\",\"valueRequired\":true,\"valueName\":\"search_term_string\"}}],\"inLanguage\":\"de\"},{\"@type\":\"Organization\",\"@id\":\"https:\/\/www.radlobby.org\/noe\/#organization\",\"name\":\"Radlobby Nieder\u00f6sterreich\",\"url\":\"https:\/\/www.radlobby.org\/noe\/\",\"logo\":{\"@type\":\"ImageObject\",\"inLanguage\":\"de\",\"@id\":\"https:\/\/www.radlobby.org\/noe\/#\/schema\/logo\/image\/\",\"url\":\"https:\/\/www.radlobby.org\/noe\/wp-content\/uploads\/2017\/01\/cropped-Logo_Radlobby_Niederoesterreich_50-400px_quer-1.jpg\",\"contentUrl\":\"https:\/\/www.radlobby.org\/noe\/wp-content\/uploads\/2017\/01\/cropped-Logo_Radlobby_Niederoesterreich_50-400px_quer-1.jpg\",\"width\":450,\"height\":124,\"caption\":\"Radlobby Nieder\u00f6sterreich\"},\"image\":{\"@id\":\"https:\/\/www.radlobby.org\/noe\/#\/schema\/logo\/image\/\"},\"sameAs\":[\"https:\/\/www.facebook.com\/groups\/radfahren.in.noe\/\"]}]}<\/script>\n<!-- \/ Yoast SEO plugin. -->","yoast_head_json":{"title":"Radlobby Traismauer - Team - Radlobby Nieder\u00f6sterreich","description":"Traismauer Radlobby Kernteam","robots":{"index":"index","follow":"follow","max-snippet":"max-snippet:-1","max-image-preview":"max-image-preview:large","max-video-preview":"max-video-preview:-1"},"canonical":"https:\/\/www.radlobby.org\/noe\/traismauer-team\/","og_locale":"de_DE","og_type":"article","og_title":"Radlobby Traismauer - Team - Radlobby Nieder\u00f6sterreich","og_description":"Traismauer Radlobby Kernteam","og_url":"https:\/\/www.radlobby.org\/noe\/traismauer-team\/","og_site_name":"Radlobby Nieder\u00f6sterreich","article_publisher":"https:\/\/www.facebook.com\/groups\/radfahren.in.noe\/","article_modified_time":"2025-10-17T07:30:47+00:00","og_image":[{"width":2560,"height":1703,"url":"https:\/\/www.radlobby.org\/noe\/wp-content\/uploads\/RL-Traismauer_komp-scaled.jpg","type":"image\/jpeg"}],"twitter_card":"summary_large_image","twitter_misc":{"Gesch\u00e4tzte Lesezeit":"5\u00a0Minuten"},"schema":{"@context":"https:\/\/schema.org","@graph":[{"@type":"WebPage","@id":"https:\/\/www.radlobby.org\/noe\/traismauer-team\/","url":"https:\/\/www.radlobby.org\/noe\/traismauer-team\/","name":"Radlobby Traismauer - Team - Radlobby Nieder\u00f6sterreich","isPartOf":{"@id":"https:\/\/www.radlobby.org\/noe\/#website"},"primaryImageOfPage":{"@id":"https:\/\/www.radlobby.org\/noe\/traismauer-team\/#primaryimage"},"image":{"@id":"https:\/\/www.radlobby.org\/noe\/traismauer-team\/#primaryimage"},"thumbnailUrl":"https:\/\/www.radlobby.org\/noe\/wp-content\/uploads\/RL-Traismauer_komp-scaled.jpg","datePublished":"2021-10-07T08:00:49+00:00","dateModified":"2025-10-17T07:30:47+00:00","description":"Traismauer Radlobby Kernteam","breadcrumb":{"@id":"https:\/\/www.radlobby.org\/noe\/traismauer-team\/#breadcrumb"},"inLanguage":"de","potentialAction":[{"@type":"ReadAction","target":["https:\/\/www.radlobby.org\/noe\/traismauer-team\/"]}]},{"@type":"ImageObject","inLanguage":"de","@id":"https:\/\/www.radlobby.org\/noe\/traismauer-team\/#primaryimage","url":"https:\/\/www.radlobby.org\/noe\/wp-content\/uploads\/RL-Traismauer_komp-scaled.jpg","contentUrl":"https:\/\/www.radlobby.org\/noe\/wp-content\/uploads\/RL-Traismauer_komp-scaled.jpg","width":2560,"height":1703},{"@type":"BreadcrumbList","@id":"https:\/\/www.radlobby.org\/noe\/traismauer-team\/#breadcrumb","itemListElement":[{"@type":"ListItem","position":1,"name":"Startseite","item":"https:\/\/www.radlobby.org\/noe\/"},{"@type":"ListItem","position":2,"name":"Radlobby Traismauer &#8211; Team"}]},{"@type":"WebSite","@id":"https:\/\/www.radlobby.org\/noe\/#website","url":"https:\/\/www.radlobby.org\/noe\/","name":"Radlobby Nieder\u00f6sterreich","description":"Radverkehr, Fahrrad, Radfahren, Radreisen, Radtouren, Radweg","publisher":{"@id":"https:\/\/www.radlobby.org\/noe\/#organization"},"potentialAction":[{"@type":"SearchAction","target":{"@type":"EntryPoint","urlTemplate":"https:\/\/www.radlobby.org\/noe\/?s={search_term_string}"},"query-input":{"@type":"PropertyValueSpecification","valueRequired":true,"valueName":"search_term_string"}}],"inLanguage":"de"},{"@type":"Organization","@id":"https:\/\/www.radlobby.org\/noe\/#organization","name":"Radlobby Nieder\u00f6sterreich","url":"https:\/\/www.radlobby.org\/noe\/","logo":{"@type":"ImageObject","inLanguage":"de","@id":"https:\/\/www.radlobby.org\/noe\/#\/schema\/logo\/image\/","url":"https:\/\/www.radlobby.org\/noe\/wp-content\/uploads\/2017\/01\/cropped-Logo_Radlobby_Niederoesterreich_50-400px_quer-1.jpg","contentUrl":"https:\/\/www.radlobby.org\/noe\/wp-content\/uploads\/2017\/01\/cropped-Logo_Radlobby_Niederoesterreich_50-400px_quer-1.jpg","width":450,"height":124,"caption":"Radlobby Nieder\u00f6sterreich"},"image":{"@id":"https:\/\/www.radlobby.org\/noe\/#\/schema\/logo\/image\/"},"sameAs":["https:\/\/www.facebook.com\/groups\/radfahren.in.noe\/"]}]}},"_links":{"self":[{"href":"https:\/\/www.radlobby.org\/noe\/wp-json\/wp\/v2\/pages\/20212","targetHints":{"allow":["GET"]}}],"collection":[{"href":"https:\/\/www.radlobby.org\/noe\/wp-json\/wp\/v2\/pages"}],"about":[{"href":"https:\/\/www.radlobby.org\/noe\/wp-json\/wp\/v2\/types\/page"}],"author":[{"embeddable":true,"href":"https:\/\/www.radlobby.org\/noe\/wp-json\/wp\/v2\/users\/16"}],"replies":[{"embeddable":true,"href":"https:\/\/www.radlobby.org\/noe\/wp-json\/wp\/v2\/comments?post=20212"}],"version-history":[{"count":15,"href":"https:\/\/www.radlobby.org\/noe\/wp-json\/wp\/v2\/pages\/20212\/revisions"}],"predecessor-version":[{"id":40461,"href":"https:\/\/www.radlobby.org\/noe\/wp-json\/wp\/v2\/pages\/20212\/revisions\/40461"}],"wp:featuredmedia":[{"embeddable":true,"href":"https:\/\/www.radlobby.org\/noe\/wp-json\/wp\/v2\/media\/40457"}],"wp:attachment":[{"href":"https:\/\/www.radlobby.org\/noe\/wp-json\/wp\/v2\/media?parent=20212"}],"curies":[{"name":"wp","href":"https:\/\/api.w.org\/{rel}","templated":true}]}}