{"id":15977,"date":"2020-11-25T10:30:53","date_gmt":"2020-11-25T09:30:53","guid":{"rendered":"http:\/\/www.radlobby.org\/noe\/?page_id=15977"},"modified":"2022-11-25T19:49:31","modified_gmt":"2022-11-25T18:49:31","slug":"service-gemeinden-betriebe","status":"publish","type":"page","link":"https:\/\/www.radlobby.org\/noe\/service-gemeinden-betriebe\/","title":{"rendered":"Service Gemeinden \u00b7 Betriebe \u00b7 Radlobby"},"content":{"rendered":"<h5><b><a href=\"https:\/\/www.radlobby.org\/noe\/wp-content\/uploads\/Radlobby-Pfeil.jpg\" data-src=\"https:\/\/www.radlobby.org\/noe\/wp-content\/uploads\/Radlobby-Pfeil.jpg\" data-thumb=\"https:\/\/www.radlobby.org\/noe\/wp-content\/uploads\/Radlobby-Pfeil-300x212.jpg\" class=\"ml-lightbox-enabled\"><img loading=\"lazy\" decoding=\"async\" class=\"size-medium wp-image-25410 alignright\" src=\"https:\/\/www.radlobby.org\/noe\/wp-content\/uploads\/Radlobby-Pfeil-300x212.jpg\" alt=\"\" width=\"300\" height=\"212\" srcset=\"https:\/\/www.radlobby.org\/noe\/wp-content\/uploads\/Radlobby-Pfeil-300x212.jpg 300w, https:\/\/www.radlobby.org\/noe\/wp-content\/uploads\/Radlobby-Pfeil.jpg 445w\" sizes=\"auto, (max-width: 300px) 100vw, 300px\" \/><\/a><\/b>Wir erweitern unser Service f\u00fcr Gemeinden und Betriebe.<\/h5>\n<p><b>Beachten Sie das Men\u00fc rechts.<br \/>\n<\/b><\/p>\n<p>Das Angebot wird nach und nach erweitert.<\/p>\n<p><img loading=\"lazy\" decoding=\"async\" class=\"alignnone wp-image-25399 size-medium\" src=\"https:\/\/www.radlobby.org\/noe\/wp-content\/uploads\/20220900-Vorlage-fuer-Radlobby-Fahnen-auf-Papier-Schlagschatten-1-300x216.jpg\" alt=\"\" width=\"300\" height=\"216\" srcset=\"https:\/\/www.radlobby.org\/noe\/wp-content\/uploads\/20220900-Vorlage-fuer-Radlobby-Fahnen-auf-Papier-Schlagschatten-1-300x216.jpg 300w, https:\/\/www.radlobby.org\/noe\/wp-content\/uploads\/20220900-Vorlage-fuer-Radlobby-Fahnen-auf-Papier-Schlagschatten-1.jpg 727w\" sizes=\"auto, (max-width: 300px) 100vw, 300px\" \/><\/p>\n<p>&nbsp;<\/p>\n<p>&nbsp;<\/p>\n<p>&nbsp;<\/p>\n<p>&nbsp;<\/p>\n<p>&nbsp;<\/p>\n<p>.<\/p>\n","protected":false},"excerpt":{"rendered":"<p>Wir erweitern unser Service f\u00fcr Gemeinden und Betriebe. Beachten Sie das Men\u00fc rechts. Das Angebot wird nach und nach erweitert. &nbsp; &nbsp; &nbsp; &nbsp; &nbsp; .<\/p>\n","protected":false},"author":16,"featured_media":0,"parent":0,"menu_order":0,"comment_status":"closed","ping_status":"closed","template":"","meta":{"footnotes":""},"class_list":["post-15977","page","type-page","status-publish","hentry"],"yoast_head":"<!-- This site is optimized with the Yoast SEO plugin v26.9 - https:\/\/yoast.com\/product\/yoast-seo-wordpress\/ -->\n<title>Service Gemeinden \u00b7 Betriebe \u00b7 Radlobby - Radlobby Nieder\u00f6sterreich<\/title>\n<meta name=\"robots\" content=\"index, follow, max-snippet:-1, max-image-preview:large, max-video-preview:-1\" \/>\n<link rel=\"canonical\" href=\"https:\/\/www.radlobby.org\/noe\/service-gemeinden-betriebe\/\" \/>\n<meta property=\"og:locale\" content=\"de_DE\" \/>\n<meta property=\"og:type\" content=\"article\" \/>\n<meta property=\"og:title\" content=\"Service Gemeinden \u00b7 Betriebe \u00b7 Radlobby - Radlobby Nieder\u00f6sterreich\" \/>\n<meta property=\"og:description\" content=\"Wir erweitern unser Service f\u00fcr Gemeinden und Betriebe. Beachten Sie das Men\u00fc rechts. Das Angebot wird nach und nach erweitert. &nbsp; &nbsp; &nbsp; &nbsp; &nbsp; .\" \/>\n<meta property=\"og:url\" content=\"https:\/\/www.radlobby.org\/noe\/service-gemeinden-betriebe\/\" \/>\n<meta property=\"og:site_name\" content=\"Radlobby Nieder\u00f6sterreich\" \/>\n<meta property=\"article:publisher\" content=\"https:\/\/www.facebook.com\/groups\/radfahren.in.noe\/\" \/>\n<meta property=\"article:modified_time\" content=\"2022-11-25T18:49:31+00:00\" \/>\n<meta property=\"og:image\" content=\"https:\/\/www.radlobby.org\/noe\/wp-content\/uploads\/Radlobby-Pfeil-300x212.jpg\" \/>\n<meta name=\"twitter:card\" content=\"summary_large_image\" \/>\n<meta name=\"twitter:label1\" content=\"Gesch\u00e4tzte Lesezeit\" \/>\n\t<meta name=\"twitter:data1\" content=\"1\u00a0Minute\" \/>\n<script type=\"application\/ld+json\" class=\"yoast-schema-graph\">{\"@context\":\"https:\/\/schema.org\",\"@graph\":[{\"@type\":\"WebPage\",\"@id\":\"https:\/\/www.radlobby.org\/noe\/service-gemeinden-betriebe\/\",\"url\":\"https:\/\/www.radlobby.org\/noe\/service-gemeinden-betriebe\/\",\"name\":\"Service Gemeinden \u00b7 Betriebe \u00b7 Radlobby - Radlobby Nieder\u00f6sterreich\",\"isPartOf\":{\"@id\":\"https:\/\/www.radlobby.org\/noe\/#website\"},\"primaryImageOfPage\":{\"@id\":\"https:\/\/www.radlobby.org\/noe\/service-gemeinden-betriebe\/#primaryimage\"},\"image\":{\"@id\":\"https:\/\/www.radlobby.org\/noe\/service-gemeinden-betriebe\/#primaryimage\"},\"thumbnailUrl\":\"https:\/\/www.radlobby.org\/noe\/wp-content\/uploads\/Radlobby-Pfeil-300x212.jpg\",\"datePublished\":\"2020-11-25T09:30:53+00:00\",\"dateModified\":\"2022-11-25T18:49:31+00:00\",\"breadcrumb\":{\"@id\":\"https:\/\/www.radlobby.org\/noe\/service-gemeinden-betriebe\/#breadcrumb\"},\"inLanguage\":\"de\",\"potentialAction\":[{\"@type\":\"ReadAction\",\"target\":[\"https:\/\/www.radlobby.org\/noe\/service-gemeinden-betriebe\/\"]}]},{\"@type\":\"ImageObject\",\"inLanguage\":\"de\",\"@id\":\"https:\/\/www.radlobby.org\/noe\/service-gemeinden-betriebe\/#primaryimage\",\"url\":\"https:\/\/www.radlobby.org\/noe\/wp-content\/uploads\/Radlobby-Pfeil.jpg\",\"contentUrl\":\"https:\/\/www.radlobby.org\/noe\/wp-content\/uploads\/Radlobby-Pfeil.jpg\",\"width\":445,\"height\":315},{\"@type\":\"BreadcrumbList\",\"@id\":\"https:\/\/www.radlobby.org\/noe\/service-gemeinden-betriebe\/#breadcrumb\",\"itemListElement\":[{\"@type\":\"ListItem\",\"position\":1,\"name\":\"Startseite\",\"item\":\"https:\/\/www.radlobby.org\/noe\/\"},{\"@type\":\"ListItem\",\"position\":2,\"name\":\"Service Gemeinden \u00b7 Betriebe \u00b7 Radlobby\"}]},{\"@type\":\"WebSite\",\"@id\":\"https:\/\/www.radlobby.org\/noe\/#website\",\"url\":\"https:\/\/www.radlobby.org\/noe\/\",\"name\":\"Radlobby Nieder\u00f6sterreich\",\"description\":\"Radverkehr, Fahrrad, Radfahren, Radreisen, Radtouren, Radweg\",\"publisher\":{\"@id\":\"https:\/\/www.radlobby.org\/noe\/#organization\"},\"potentialAction\":[{\"@type\":\"SearchAction\",\"target\":{\"@type\":\"EntryPoint\",\"urlTemplate\":\"https:\/\/www.radlobby.org\/noe\/?s={search_term_string}\"},\"query-input\":{\"@type\":\"PropertyValueSpecification\",\"valueRequired\":true,\"valueName\":\"search_term_string\"}}],\"inLanguage\":\"de\"},{\"@type\":\"Organization\",\"@id\":\"https:\/\/www.radlobby.org\/noe\/#organization\",\"name\":\"Radlobby Nieder\u00f6sterreich\",\"url\":\"https:\/\/www.radlobby.org\/noe\/\",\"logo\":{\"@type\":\"ImageObject\",\"inLanguage\":\"de\",\"@id\":\"https:\/\/www.radlobby.org\/noe\/#\/schema\/logo\/image\/\",\"url\":\"https:\/\/www.radlobby.org\/noe\/wp-content\/uploads\/2017\/01\/cropped-Logo_Radlobby_Niederoesterreich_50-400px_quer-1.jpg\",\"contentUrl\":\"https:\/\/www.radlobby.org\/noe\/wp-content\/uploads\/2017\/01\/cropped-Logo_Radlobby_Niederoesterreich_50-400px_quer-1.jpg\",\"width\":450,\"height\":124,\"caption\":\"Radlobby Nieder\u00f6sterreich\"},\"image\":{\"@id\":\"https:\/\/www.radlobby.org\/noe\/#\/schema\/logo\/image\/\"},\"sameAs\":[\"https:\/\/www.facebook.com\/groups\/radfahren.in.noe\/\"]}]}<\/script>\n<!-- \/ Yoast SEO plugin. -->","yoast_head_json":{"title":"Service Gemeinden \u00b7 Betriebe \u00b7 Radlobby - Radlobby Nieder\u00f6sterreich","robots":{"index":"index","follow":"follow","max-snippet":"max-snippet:-1","max-image-preview":"max-image-preview:large","max-video-preview":"max-video-preview:-1"},"canonical":"https:\/\/www.radlobby.org\/noe\/service-gemeinden-betriebe\/","og_locale":"de_DE","og_type":"article","og_title":"Service Gemeinden \u00b7 Betriebe \u00b7 Radlobby - Radlobby Nieder\u00f6sterreich","og_description":"Wir erweitern unser Service f\u00fcr Gemeinden und Betriebe. Beachten Sie das Men\u00fc rechts. Das Angebot wird nach und nach erweitert. &nbsp; &nbsp; &nbsp; &nbsp; &nbsp; .","og_url":"https:\/\/www.radlobby.org\/noe\/service-gemeinden-betriebe\/","og_site_name":"Radlobby Nieder\u00f6sterreich","article_publisher":"https:\/\/www.facebook.com\/groups\/radfahren.in.noe\/","article_modified_time":"2022-11-25T18:49:31+00:00","og_image":[{"url":"https:\/\/www.radlobby.org\/noe\/wp-content\/uploads\/Radlobby-Pfeil-300x212.jpg","type":"","width":"","height":""}],"twitter_card":"summary_large_image","twitter_misc":{"Gesch\u00e4tzte Lesezeit":"1\u00a0Minute"},"schema":{"@context":"https:\/\/schema.org","@graph":[{"@type":"WebPage","@id":"https:\/\/www.radlobby.org\/noe\/service-gemeinden-betriebe\/","url":"https:\/\/www.radlobby.org\/noe\/service-gemeinden-betriebe\/","name":"Service Gemeinden \u00b7 Betriebe \u00b7 Radlobby - Radlobby Nieder\u00f6sterreich","isPartOf":{"@id":"https:\/\/www.radlobby.org\/noe\/#website"},"primaryImageOfPage":{"@id":"https:\/\/www.radlobby.org\/noe\/service-gemeinden-betriebe\/#primaryimage"},"image":{"@id":"https:\/\/www.radlobby.org\/noe\/service-gemeinden-betriebe\/#primaryimage"},"thumbnailUrl":"https:\/\/www.radlobby.org\/noe\/wp-content\/uploads\/Radlobby-Pfeil-300x212.jpg","datePublished":"2020-11-25T09:30:53+00:00","dateModified":"2022-11-25T18:49:31+00:00","breadcrumb":{"@id":"https:\/\/www.radlobby.org\/noe\/service-gemeinden-betriebe\/#breadcrumb"},"inLanguage":"de","potentialAction":[{"@type":"ReadAction","target":["https:\/\/www.radlobby.org\/noe\/service-gemeinden-betriebe\/"]}]},{"@type":"ImageObject","inLanguage":"de","@id":"https:\/\/www.radlobby.org\/noe\/service-gemeinden-betriebe\/#primaryimage","url":"https:\/\/www.radlobby.org\/noe\/wp-content\/uploads\/Radlobby-Pfeil.jpg","contentUrl":"https:\/\/www.radlobby.org\/noe\/wp-content\/uploads\/Radlobby-Pfeil.jpg","width":445,"height":315},{"@type":"BreadcrumbList","@id":"https:\/\/www.radlobby.org\/noe\/service-gemeinden-betriebe\/#breadcrumb","itemListElement":[{"@type":"ListItem","position":1,"name":"Startseite","item":"https:\/\/www.radlobby.org\/noe\/"},{"@type":"ListItem","position":2,"name":"Service Gemeinden \u00b7 Betriebe \u00b7 Radlobby"}]},{"@type":"WebSite","@id":"https:\/\/www.radlobby.org\/noe\/#website","url":"https:\/\/www.radlobby.org\/noe\/","name":"Radlobby Nieder\u00f6sterreich","description":"Radverkehr, Fahrrad, Radfahren, Radreisen, Radtouren, Radweg","publisher":{"@id":"https:\/\/www.radlobby.org\/noe\/#organization"},"potentialAction":[{"@type":"SearchAction","target":{"@type":"EntryPoint","urlTemplate":"https:\/\/www.radlobby.org\/noe\/?s={search_term_string}"},"query-input":{"@type":"PropertyValueSpecification","valueRequired":true,"valueName":"search_term_string"}}],"inLanguage":"de"},{"@type":"Organization","@id":"https:\/\/www.radlobby.org\/noe\/#organization","name":"Radlobby Nieder\u00f6sterreich","url":"https:\/\/www.radlobby.org\/noe\/","logo":{"@type":"ImageObject","inLanguage":"de","@id":"https:\/\/www.radlobby.org\/noe\/#\/schema\/logo\/image\/","url":"https:\/\/www.radlobby.org\/noe\/wp-content\/uploads\/2017\/01\/cropped-Logo_Radlobby_Niederoesterreich_50-400px_quer-1.jpg","contentUrl":"https:\/\/www.radlobby.org\/noe\/wp-content\/uploads\/2017\/01\/cropped-Logo_Radlobby_Niederoesterreich_50-400px_quer-1.jpg","width":450,"height":124,"caption":"Radlobby Nieder\u00f6sterreich"},"image":{"@id":"https:\/\/www.radlobby.org\/noe\/#\/schema\/logo\/image\/"},"sameAs":["https:\/\/www.facebook.com\/groups\/radfahren.in.noe\/"]}]}},"_links":{"self":[{"href":"https:\/\/www.radlobby.org\/noe\/wp-json\/wp\/v2\/pages\/15977","targetHints":{"allow":["GET"]}}],"collection":[{"href":"https:\/\/www.radlobby.org\/noe\/wp-json\/wp\/v2\/pages"}],"about":[{"href":"https:\/\/www.radlobby.org\/noe\/wp-json\/wp\/v2\/types\/page"}],"author":[{"embeddable":true,"href":"https:\/\/www.radlobby.org\/noe\/wp-json\/wp\/v2\/users\/16"}],"replies":[{"embeddable":true,"href":"https:\/\/www.radlobby.org\/noe\/wp-json\/wp\/v2\/comments?post=15977"}],"version-history":[{"count":0,"href":"https:\/\/www.radlobby.org\/noe\/wp-json\/wp\/v2\/pages\/15977\/revisions"}],"wp:attachment":[{"href":"https:\/\/www.radlobby.org\/noe\/wp-json\/wp\/v2\/media?parent=15977"}],"curies":[{"name":"wp","href":"https:\/\/api.w.org\/{rel}","templated":true}]}}

<h5><b><a href="https://www.radlobby.org/noe/wp-content/uploads/Radlobby-Pfeil.jpg" data-src="https://www.radlobby.org/noe/wp-content/uploads/Radlobby-Pfeil.jpg" data-thumb="https://www.radlobby.org/noe/wp-content/uploads/Radlobby-Pfeil-300x212.jpg" class="ml-lightbox-enabled"><img loading="lazy" decoding="async" class="size-medium wp-image-25410 alignright" src="https://www.radlobby.org/noe/wp-content/uploads/Radlobby-Pfeil-300x212.jpg" alt="" width="300" height="212" srcset="https://www.radlobby.org/noe/wp-content/uploads/Radlobby-Pfeil-300x212.jpg 300w, https://www.radlobby.org/noe/wp-content/uploads/Radlobby-Pfeil.jpg 445w" sizes="auto, (max-width: 300px) 100vw, 300px" /></a></b>Wir erweitern unser Service für Gemeinden und Betriebe.</h5>
<p><b>Beachten Sie das Menü rechts.<br />
</b></p>
<p>Das Angebot wird nach und nach erweitert.</p>
<p><img loading="lazy" decoding="async" class="alignnone wp-image-25399 size-medium" src="https://www.radlobby.org/noe/wp-content/uploads/20220900-Vorlage-fuer-Radlobby-Fahnen-auf-Papier-Schlagschatten-1-300x216.jpg" alt="" width="300" height="216" srcset="https://www.radlobby.org/noe/wp-content/uploads/20220900-Vorlage-fuer-Radlobby-Fahnen-auf-Papier-Schlagschatten-1-300x216.jpg 300w, https://www.radlobby.org/noe/wp-content/uploads/20220900-Vorlage-fuer-Radlobby-Fahnen-auf-Papier-Schlagschatten-1.jpg 727w" sizes="auto, (max-width: 300px) 100vw, 300px" /></p>
<p>&nbsp;</p>
<p>&nbsp;</p>
<p>&nbsp;</p>
<p>&nbsp;</p>
<p>&nbsp;</p>
<p>.</p>

<p>Wir erweitern unser Service für Gemeinden und Betriebe. Beachten Sie das Menü rechts. Das Angebot wird nach und nach erweitert. &nbsp; &nbsp; &nbsp; &nbsp; &nbsp; .</p>

<!-- This site is optimized with the Yoast SEO plugin v26.9 - https://yoast.com/product/yoast-seo-wordpress/ -->
<title>Service Gemeinden · Betriebe · Radlobby - Radlobby Niederösterreich</title>
<meta name="robots" content="index, follow, max-snippet:-1, max-image-preview:large, max-video-preview:-1" />
<link rel="canonical" href="https://www.radlobby.org/noe/service-gemeinden-betriebe/" />
<meta property="og:locale" content="de_DE" />
<meta property="og:type" content="article" />
<meta property="og:title" content="Service Gemeinden · Betriebe · Radlobby - Radlobby Niederösterreich" />
<meta property="og:description" content="Wir erweitern unser Service für Gemeinden und Betriebe. Beachten Sie das Menü rechts. Das Angebot wird nach und nach erweitert. &nbsp; &nbsp; &nbsp; &nbsp; &nbsp; ." />
<meta property="og:url" content="https://www.radlobby.org/noe/service-gemeinden-betriebe/" />
<meta property="og:site_name" content="Radlobby Niederösterreich" />
<meta property="article:publisher" content="https://www.facebook.com/groups/radfahren.in.noe/" />
<meta property="article:modified_time" content="2022-11-25T18:49:31+00:00" />
<meta property="og:image" content="https://www.radlobby.org/noe/wp-content/uploads/Radlobby-Pfeil-300x212.jpg" />
<meta name="twitter:card" content="summary_large_image" />
<meta name="twitter:label1" content="Geschätzte Lesezeit" />
	<meta name="twitter:data1" content="1 Minute" />
<script type="application/ld+json" class="yoast-schema-graph">{"@context":"https://schema.org","@graph":[{"@type":"WebPage","@id":"https://www.radlobby.org/noe/service-gemeinden-betriebe/","url":"https://www.radlobby.org/noe/service-gemeinden-betriebe/","name":"Service Gemeinden · Betriebe · Radlobby - Radlobby Niederösterreich","isPartOf":{"@id":"https://www.radlobby.org/noe/#website"},"primaryImageOfPage":{"@id":"https://www.radlobby.org/noe/service-gemeinden-betriebe/#primaryimage"},"image":{"@id":"https://www.radlobby.org/noe/service-gemeinden-betriebe/#primaryimage"},"thumbnailUrl":"https://www.radlobby.org/noe/wp-content/uploads/Radlobby-Pfeil-300x212.jpg","datePublished":"2020-11-25T09:30:53+00:00","dateModified":"2022-11-25T18:49:31+00:00","breadcrumb":{"@id":"https://www.radlobby.org/noe/service-gemeinden-betriebe/#breadcrumb"},"inLanguage":"de","potentialAction":[{"@type":"ReadAction","target":["https://www.radlobby.org/noe/service-gemeinden-betriebe/"]}]},{"@type":"ImageObject","inLanguage":"de","@id":"https://www.radlobby.org/noe/service-gemeinden-betriebe/#primaryimage","url":"https://www.radlobby.org/noe/wp-content/uploads/Radlobby-Pfeil.jpg","contentUrl":"https://www.radlobby.org/noe/wp-content/uploads/Radlobby-Pfeil.jpg","width":445,"height":315},{"@type":"BreadcrumbList","@id":"https://www.radlobby.org/noe/service-gemeinden-betriebe/#breadcrumb","itemListElement":[{"@type":"ListItem","position":1,"name":"Startseite","item":"https://www.radlobby.org/noe/"},{"@type":"ListItem","position":2,"name":"Service Gemeinden · Betriebe · Radlobby"}]},{"@type":"WebSite","@id":"https://www.radlobby.org/noe/#website","url":"https://www.radlobby.org/noe/","name":"Radlobby Niederösterreich","description":"Radverkehr, Fahrrad, Radfahren, Radreisen, Radtouren, Radweg","publisher":{"@id":"https://www.radlobby.org/noe/#organization"},"potentialAction":[{"@type":"SearchAction","target":{"@type":"EntryPoint","urlTemplate":"https://www.radlobby.org/noe/?s={search_term_string}"},"query-input":{"@type":"PropertyValueSpecification","valueRequired":true,"valueName":"search_term_string"}}],"inLanguage":"de"},{"@type":"Organization","@id":"https://www.radlobby.org/noe/#organization","name":"Radlobby Niederösterreich","url":"https://www.radlobby.org/noe/","logo":{"@type":"ImageObject","inLanguage":"de","@id":"https://www.radlobby.org/noe/#/schema/logo/image/","url":"https://www.radlobby.org/noe/wp-content/uploads/2017/01/cropped-Logo_Radlobby_Niederoesterreich_50-400px_quer-1.jpg","contentUrl":"https://www.radlobby.org/noe/wp-content/uploads/2017/01/cropped-Logo_Radlobby_Niederoesterreich_50-400px_quer-1.jpg","width":450,"height":124,"caption":"Radlobby Niederösterreich"},"image":{"@id":"https://www.radlobby.org/noe/#/schema/logo/image/"},"sameAs":["https://www.facebook.com/groups/radfahren.in.noe/"]}]}</script>
<!-- / Yoast SEO plugin. -->

Service Gemeinden · Betriebe · Radlobby - Radlobby Niederösterreich

Wir erweitern unser Service für Gemeinden und Betriebe. Beachten Sie das Menü rechts. Das Angebot wird nach und nach erweitert. &nbsp; &nbsp; &nbsp; &nbsp; &nbsp; .

Radlobby Niederösterreich
