{"id":1296,"date":"2016-12-26T09:43:41","date_gmt":"2016-12-26T08:43:41","guid":{"rendered":"http:\/\/www.radlobby.org\/noe\/?page_id=1296"},"modified":"2025-07-14T10:16:25","modified_gmt":"2025-07-14T08:16:25","slug":"termine","status":"publish","type":"page","link":"https:\/\/www.radlobby.org\/noe\/termine\/","title":{"rendered":"Fahrradkalender Radlobby N\u00d6 | Termine rund um Mobilit\u00e4t und Klima"},"content":{"rendered":"<h4><img loading=\"lazy\" decoding=\"async\" class=\"size-full wp-image-271 alignleft\" src=\"http:\/\/www.radlobby.org\/noe\/wp-content\/uploads\/2016\/12\/Fahrradkalender-Wolke.gif\" alt=\"fahrradkalender-wolke\" width=\"200\" height=\"124\" \/><\/h4>\n<h4>Fahrradkalender Radlobby N\u00d6<br \/>\nmit Aktivit\u00e4ten aus<br \/>\nNieder\u00f6sterreich und Wien<\/h4>\n<p><iframe loading=\"lazy\" src=\"https:\/\/calendar.google.com\/calendar\/embed?height=700&#038;wkst=2&#038;ctz=Europe%2FVienna&#038;showPrint=0&#038;showTz=0&#038;mode=AGENDA&#038;src=Y19kNjE3ZjI1OGFiMDE4N2NkY2NmOWUzOGM5M2ExMGFjYmUxMzc4OTA2NDI2OTIwMjY0YWViZDIxNjRkNjIyYjVjQGdyb3VwLmNhbGVuZGFyLmdvb2dsZS5jb20&#038;color=%230b8043\" style=\"border-width:0\" width=\"100%\" height=\"700\" frameborder=\"0\" scrolling=\"no\"><\/iframe><\/p>\n<h4>Rad-Termin eintragen \/ lassen geht ganz einfach<\/h4>\n<p>Radlobby-Aktive k\u00f6nnen f\u00fcr die Eintragung freigeschaltet werden.<br \/>\nOder Sie senden Ihren Termin an uns, damit wir diesen f\u00fcr Sie eintragen.<br \/>\nEinfach ein Mail senden an:\u00a0<a href=\"mailto:noe.service@radlobby.at\">noe.service@radlobby.at<\/a><\/p>\n<p><strong>Rad-Termine ausf\u00fchrlich beschreiben:<\/strong><\/p>\n<ul>\n<li>Titel: eindeutige kurze Bezeichnung der Aktivit\u00e4t &amp; Ort.<br \/>\nBeispiele:<br \/>\n<strong>Radparade | Baden<\/strong><br \/>\n<strong>Radfest | Waidhofen\/Ybbs<\/strong><\/li>\n<li>Termin<\/li>\n<li>genauer Treffpunkt oder Ort der Veranstaltung<\/li>\n<li>Bei Radtouren die Strecke mit den wichtigsten Orten,<br \/>\ngerne auch Link zu einem Google\/Maps-Track<br \/>\nStreckenl\u00e4nge<\/li>\n<li>Link zu einer Homepage-Seite<\/li>\n<li>Beschreibung der Aktivit\u00e4t, Besonderheiten<\/li>\n<li>Eintritt, &#8230;,<\/li>\n<\/ul>\n<p>Bitte keine Radsport-Aktivit\u00e4ten.<br \/>\nWir freuen uns auch \u00fcber Eintr\u00e4ge von \u00a0Rad-Veranstaltungen befreundeter Organisationen und Gemeinden.<\/p>\n<h4>Diesen Kalender &#8211; wie oben &#8211; Ihrer\u00a0Homepage hinzuf\u00fcgen<\/h4>\n<p>Wir helfen Ihnen gerne bei der Einrichtung mit Telefon-Unterst\u00fctzung: 0680 112 94 15 (Karl Zauner)<\/p>\n<h4>Diesen Kalender Ihrem\u00a0eigenen Kalender hinzuf\u00fcgen<\/h4>\n<p>Sie k\u00f6nnen den Kalender Ihrem eigenen google-f\u00e4higen Kalender auf Ihrem Mobilephone, Tablet oder PC hinzuf\u00fcgen.<br \/>\nWir helfen Ihnen gerne bei der Einrichtung mit Telefon-Unterst\u00fctzung: 0680 112 94 15 (Karl Zauner)<\/p>\n<h4>Haftung<\/h4>\n<p>Die Radlobby N\u00d6 \u00fcbernimmt keine Haftung f\u00fcr fehlerhafte Informationen oder das nicht Zustandekommen von angek\u00fcndigten Aktivit\u00e4ten im Fahrradkalender und auf Seiten mit Terminank\u00fcndigungen.<\/p>\n","protected":false},"excerpt":{"rendered":"<p>Fahrradkalender Radlobby N\u00d6 mit Aktivit\u00e4ten aus Nieder\u00f6sterreich und Wien Rad-Termin eintragen \/ lassen geht ganz einfach Radlobby-Aktive k\u00f6nnen f\u00fcr die Eintragung freigeschaltet werden. Oder Sie senden Ihren Termin an uns, damit wir diesen f\u00fcr Sie eintragen. Einfach ein Mail senden<\/p>\n","protected":false},"author":1,"featured_media":0,"parent":0,"menu_order":0,"comment_status":"closed","ping_status":"closed","template":"","meta":{"footnotes":""},"class_list":["post-1296","page","type-page","status-publish","hentry"],"yoast_head":"<!-- This site is optimized with the Yoast SEO plugin v26.9 - https:\/\/yoast.com\/product\/yoast-seo-wordpress\/ -->\n<title>Fahrradkalender Radlobby N\u00d6 | Termine rund um Mobilit\u00e4t und Klima - Radlobby Nieder\u00f6sterreich<\/title>\n<meta name=\"robots\" content=\"index, follow, max-snippet:-1, max-image-preview:large, max-video-preview:-1\" \/>\n<link rel=\"canonical\" href=\"https:\/\/www.radlobby.org\/noe\/termine\/\" \/>\n<meta property=\"og:locale\" content=\"de_DE\" \/>\n<meta property=\"og:type\" content=\"article\" \/>\n<meta property=\"og:title\" content=\"Fahrradkalender Radlobby N\u00d6 | Termine rund um Mobilit\u00e4t und Klima - Radlobby Nieder\u00f6sterreich\" \/>\n<meta property=\"og:description\" content=\"Fahrradkalender Radlobby N\u00d6 mit Aktivit\u00e4ten aus Nieder\u00f6sterreich und Wien Rad-Termin eintragen \/ lassen geht ganz einfach Radlobby-Aktive k\u00f6nnen f\u00fcr die Eintragung freigeschaltet werden. Oder Sie senden Ihren Termin an uns, damit wir diesen f\u00fcr Sie eintragen. Einfach ein Mail senden\" \/>\n<meta property=\"og:url\" content=\"https:\/\/www.radlobby.org\/noe\/termine\/\" \/>\n<meta property=\"og:site_name\" content=\"Radlobby Nieder\u00f6sterreich\" \/>\n<meta property=\"article:publisher\" content=\"https:\/\/www.facebook.com\/groups\/radfahren.in.noe\/\" \/>\n<meta property=\"article:modified_time\" content=\"2025-07-14T08:16:25+00:00\" \/>\n<meta property=\"og:image\" content=\"https:\/\/www.radlobby.org\/noe\/wp-content\/uploads\/2016\/12\/Fahrradkalender-Wolke.gif\" \/>\n\t<meta property=\"og:image:width\" content=\"200\" \/>\n\t<meta property=\"og:image:height\" content=\"124\" \/>\n\t<meta property=\"og:image:type\" content=\"image\/gif\" \/>\n<meta name=\"twitter:card\" content=\"summary_large_image\" \/>\n<meta name=\"twitter:label1\" content=\"Gesch\u00e4tzte Lesezeit\" \/>\n\t<meta name=\"twitter:data1\" content=\"2\u00a0Minuten\" \/>\n<script type=\"application\/ld+json\" class=\"yoast-schema-graph\">{\"@context\":\"https:\/\/schema.org\",\"@graph\":[{\"@type\":\"WebPage\",\"@id\":\"https:\/\/www.radlobby.org\/noe\/termine\/\",\"url\":\"https:\/\/www.radlobby.org\/noe\/termine\/\",\"name\":\"Fahrradkalender Radlobby N\u00d6 | Termine rund um Mobilit\u00e4t und Klima - Radlobby Nieder\u00f6sterreich\",\"isPartOf\":{\"@id\":\"https:\/\/www.radlobby.org\/noe\/#website\"},\"primaryImageOfPage\":{\"@id\":\"https:\/\/www.radlobby.org\/noe\/termine\/#primaryimage\"},\"image\":{\"@id\":\"https:\/\/www.radlobby.org\/noe\/termine\/#primaryimage\"},\"thumbnailUrl\":\"http:\/\/www.radlobby.org\/noe\/wp-content\/uploads\/2016\/12\/Fahrradkalender-Wolke.gif\",\"datePublished\":\"2016-12-26T08:43:41+00:00\",\"dateModified\":\"2025-07-14T08:16:25+00:00\",\"breadcrumb\":{\"@id\":\"https:\/\/www.radlobby.org\/noe\/termine\/#breadcrumb\"},\"inLanguage\":\"de\",\"potentialAction\":[{\"@type\":\"ReadAction\",\"target\":[\"https:\/\/www.radlobby.org\/noe\/termine\/\"]}]},{\"@type\":\"ImageObject\",\"inLanguage\":\"de\",\"@id\":\"https:\/\/www.radlobby.org\/noe\/termine\/#primaryimage\",\"url\":\"https:\/\/www.radlobby.org\/noe\/wp-content\/uploads\/2016\/12\/Fahrradkalender-Wolke.gif\",\"contentUrl\":\"https:\/\/www.radlobby.org\/noe\/wp-content\/uploads\/2016\/12\/Fahrradkalender-Wolke.gif\",\"width\":200,\"height\":124},{\"@type\":\"BreadcrumbList\",\"@id\":\"https:\/\/www.radlobby.org\/noe\/termine\/#breadcrumb\",\"itemListElement\":[{\"@type\":\"ListItem\",\"position\":1,\"name\":\"Startseite\",\"item\":\"https:\/\/www.radlobby.org\/noe\/\"},{\"@type\":\"ListItem\",\"position\":2,\"name\":\"Fahrradkalender Radlobby N\u00d6 | Termine rund um Mobilit\u00e4t und Klima\"}]},{\"@type\":\"WebSite\",\"@id\":\"https:\/\/www.radlobby.org\/noe\/#website\",\"url\":\"https:\/\/www.radlobby.org\/noe\/\",\"name\":\"Radlobby Nieder\u00f6sterreich\",\"description\":\"Radverkehr, Fahrrad, Radfahren, Radreisen, Radtouren, Radweg\",\"publisher\":{\"@id\":\"https:\/\/www.radlobby.org\/noe\/#organization\"},\"potentialAction\":[{\"@type\":\"SearchAction\",\"target\":{\"@type\":\"EntryPoint\",\"urlTemplate\":\"https:\/\/www.radlobby.org\/noe\/?s={search_term_string}\"},\"query-input\":{\"@type\":\"PropertyValueSpecification\",\"valueRequired\":true,\"valueName\":\"search_term_string\"}}],\"inLanguage\":\"de\"},{\"@type\":\"Organization\",\"@id\":\"https:\/\/www.radlobby.org\/noe\/#organization\",\"name\":\"Radlobby Nieder\u00f6sterreich\",\"url\":\"https:\/\/www.radlobby.org\/noe\/\",\"logo\":{\"@type\":\"ImageObject\",\"inLanguage\":\"de\",\"@id\":\"https:\/\/www.radlobby.org\/noe\/#\/schema\/logo\/image\/\",\"url\":\"https:\/\/www.radlobby.org\/noe\/wp-content\/uploads\/2017\/01\/cropped-Logo_Radlobby_Niederoesterreich_50-400px_quer-1.jpg\",\"contentUrl\":\"https:\/\/www.radlobby.org\/noe\/wp-content\/uploads\/2017\/01\/cropped-Logo_Radlobby_Niederoesterreich_50-400px_quer-1.jpg\",\"width\":450,\"height\":124,\"caption\":\"Radlobby Nieder\u00f6sterreich\"},\"image\":{\"@id\":\"https:\/\/www.radlobby.org\/noe\/#\/schema\/logo\/image\/\"},\"sameAs\":[\"https:\/\/www.facebook.com\/groups\/radfahren.in.noe\/\"]}]}<\/script>\n<!-- \/ Yoast SEO plugin. -->","yoast_head_json":{"title":"Fahrradkalender Radlobby N\u00d6 | Termine rund um Mobilit\u00e4t und Klima - Radlobby Nieder\u00f6sterreich","robots":{"index":"index","follow":"follow","max-snippet":"max-snippet:-1","max-image-preview":"max-image-preview:large","max-video-preview":"max-video-preview:-1"},"canonical":"https:\/\/www.radlobby.org\/noe\/termine\/","og_locale":"de_DE","og_type":"article","og_title":"Fahrradkalender Radlobby N\u00d6 | Termine rund um Mobilit\u00e4t und Klima - Radlobby Nieder\u00f6sterreich","og_description":"Fahrradkalender Radlobby N\u00d6 mit Aktivit\u00e4ten aus Nieder\u00f6sterreich und Wien Rad-Termin eintragen \/ lassen geht ganz einfach Radlobby-Aktive k\u00f6nnen f\u00fcr die Eintragung freigeschaltet werden. Oder Sie senden Ihren Termin an uns, damit wir diesen f\u00fcr Sie eintragen. Einfach ein Mail senden","og_url":"https:\/\/www.radlobby.org\/noe\/termine\/","og_site_name":"Radlobby Nieder\u00f6sterreich","article_publisher":"https:\/\/www.facebook.com\/groups\/radfahren.in.noe\/","article_modified_time":"2025-07-14T08:16:25+00:00","og_image":[{"width":200,"height":124,"url":"https:\/\/www.radlobby.org\/noe\/wp-content\/uploads\/2016\/12\/Fahrradkalender-Wolke.gif","type":"image\/gif"}],"twitter_card":"summary_large_image","twitter_misc":{"Gesch\u00e4tzte Lesezeit":"2\u00a0Minuten"},"schema":{"@context":"https:\/\/schema.org","@graph":[{"@type":"WebPage","@id":"https:\/\/www.radlobby.org\/noe\/termine\/","url":"https:\/\/www.radlobby.org\/noe\/termine\/","name":"Fahrradkalender Radlobby N\u00d6 | Termine rund um Mobilit\u00e4t und Klima - Radlobby Nieder\u00f6sterreich","isPartOf":{"@id":"https:\/\/www.radlobby.org\/noe\/#website"},"primaryImageOfPage":{"@id":"https:\/\/www.radlobby.org\/noe\/termine\/#primaryimage"},"image":{"@id":"https:\/\/www.radlobby.org\/noe\/termine\/#primaryimage"},"thumbnailUrl":"http:\/\/www.radlobby.org\/noe\/wp-content\/uploads\/2016\/12\/Fahrradkalender-Wolke.gif","datePublished":"2016-12-26T08:43:41+00:00","dateModified":"2025-07-14T08:16:25+00:00","breadcrumb":{"@id":"https:\/\/www.radlobby.org\/noe\/termine\/#breadcrumb"},"inLanguage":"de","potentialAction":[{"@type":"ReadAction","target":["https:\/\/www.radlobby.org\/noe\/termine\/"]}]},{"@type":"ImageObject","inLanguage":"de","@id":"https:\/\/www.radlobby.org\/noe\/termine\/#primaryimage","url":"https:\/\/www.radlobby.org\/noe\/wp-content\/uploads\/2016\/12\/Fahrradkalender-Wolke.gif","contentUrl":"https:\/\/www.radlobby.org\/noe\/wp-content\/uploads\/2016\/12\/Fahrradkalender-Wolke.gif","width":200,"height":124},{"@type":"BreadcrumbList","@id":"https:\/\/www.radlobby.org\/noe\/termine\/#breadcrumb","itemListElement":[{"@type":"ListItem","position":1,"name":"Startseite","item":"https:\/\/www.radlobby.org\/noe\/"},{"@type":"ListItem","position":2,"name":"Fahrradkalender Radlobby N\u00d6 | Termine rund um Mobilit\u00e4t und Klima"}]},{"@type":"WebSite","@id":"https:\/\/www.radlobby.org\/noe\/#website","url":"https:\/\/www.radlobby.org\/noe\/","name":"Radlobby Nieder\u00f6sterreich","description":"Radverkehr, Fahrrad, Radfahren, Radreisen, Radtouren, Radweg","publisher":{"@id":"https:\/\/www.radlobby.org\/noe\/#organization"},"potentialAction":[{"@type":"SearchAction","target":{"@type":"EntryPoint","urlTemplate":"https:\/\/www.radlobby.org\/noe\/?s={search_term_string}"},"query-input":{"@type":"PropertyValueSpecification","valueRequired":true,"valueName":"search_term_string"}}],"inLanguage":"de"},{"@type":"Organization","@id":"https:\/\/www.radlobby.org\/noe\/#organization","name":"Radlobby Nieder\u00f6sterreich","url":"https:\/\/www.radlobby.org\/noe\/","logo":{"@type":"ImageObject","inLanguage":"de","@id":"https:\/\/www.radlobby.org\/noe\/#\/schema\/logo\/image\/","url":"https:\/\/www.radlobby.org\/noe\/wp-content\/uploads\/2017\/01\/cropped-Logo_Radlobby_Niederoesterreich_50-400px_quer-1.jpg","contentUrl":"https:\/\/www.radlobby.org\/noe\/wp-content\/uploads\/2017\/01\/cropped-Logo_Radlobby_Niederoesterreich_50-400px_quer-1.jpg","width":450,"height":124,"caption":"Radlobby Nieder\u00f6sterreich"},"image":{"@id":"https:\/\/www.radlobby.org\/noe\/#\/schema\/logo\/image\/"},"sameAs":["https:\/\/www.facebook.com\/groups\/radfahren.in.noe\/"]}]}},"_links":{"self":[{"href":"https:\/\/www.radlobby.org\/noe\/wp-json\/wp\/v2\/pages\/1296","targetHints":{"allow":["GET"]}}],"collection":[{"href":"https:\/\/www.radlobby.org\/noe\/wp-json\/wp\/v2\/pages"}],"about":[{"href":"https:\/\/www.radlobby.org\/noe\/wp-json\/wp\/v2\/types\/page"}],"author":[{"embeddable":true,"href":"https:\/\/www.radlobby.org\/noe\/wp-json\/wp\/v2\/users\/1"}],"replies":[{"embeddable":true,"href":"https:\/\/www.radlobby.org\/noe\/wp-json\/wp\/v2\/comments?post=1296"}],"version-history":[{"count":6,"href":"https:\/\/www.radlobby.org\/noe\/wp-json\/wp\/v2\/pages\/1296\/revisions"}],"predecessor-version":[{"id":39624,"href":"https:\/\/www.radlobby.org\/noe\/wp-json\/wp\/v2\/pages\/1296\/revisions\/39624"}],"wp:attachment":[{"href":"https:\/\/www.radlobby.org\/noe\/wp-json\/wp\/v2\/media?parent=1296"}],"curies":[{"name":"wp","href":"https:\/\/api.w.org\/{rel}","templated":true}]}}